{"id":975,"date":"2026-03-31T15:25:53","date_gmt":"2026-03-31T13:25:53","guid":{"rendered":"https:\/\/vistonia.ch\/project\/nouveau-centre-de-formation-professionnelle-a-villaz-saint-pierre-concours-danimation-artistique-dans-le-cadre-de-la-construction-dun-batiment\/"},"modified":"2026-03-29T07:49:52","modified_gmt":"2026-03-29T05:49:52","slug":"nouveau-centre-de-formation-professionnelle-a-villaz-saint-pierre-concours-danimation-artistique-dans-le-cadre-de-la-construction-dun-batiment","status":"publish","type":"project","link":"https:\/\/vistonia.ch\/de\/neubau-berufsbildungszentrum-villaz-saint-pierre-wettbewerb-kunst-am-bau\/","title":{"rendered":"Neubau Berufsbildungszentrum Villaz-Saint-Pierre, Wettbewerb Kunst am Bau"},"content":{"rendered":"<div class=\"et_pb_section_0 et_pb_section et_section_regular et_block_section\"><\/div>\n\n<div class=\"et_pb_section_1 et_pb_section et_section_regular et_block_section\" id=\"qui-sommes-nous\">\n<div class=\"et_pb_row_0 et_pb_row et_block_row\">\n<div class=\"et_pb_column_0 et_pb_column et_pb_column_4_4 et-last-child et_block_column et_pb_css_mix_blend_mode_passthrough\">\n<div class=\"et_pb_text_0 et_pb_text et_pb_bg_layout_light et_pb_module et_block_module custom-list\"><div class=\"et_pb_text_inner\"><p>Referenzprojekt<\/p>\n<\/div><\/div>\n<\/div>\n<\/div>\n\n<div class=\"et_pb_row_1 et_pb_row et_flex_row\">\n<div class=\"et_pb_column_1 et_pb_column et_block_column et_pb_css_mix_blend_mode_passthrough et_flex_column_2_5 et_flex_column_2_5_tablet et_flex_column_24_24_phone\">\n<div class=\"et_pb_post_title_0 et_pb_post_title et_pb_bg_layout_light et_pb_module et_block_module\"><div class=\"et_pb_title_container\"><h1 class=\"entry-title\">Neubau Berufsbildungszentrum Villaz-Saint-Pierre, Wettbewerb Kunst am Bau<\/h1><\/div><\/div>\n<\/div>\n\n<div class=\"et_pb_column_2 et_pb_column et-last-child et_block_column et_pb_css_mix_blend_mode_passthrough et_flex_column_3_5 et_flex_column_3_5_tablet et_flex_column_24_24_phone\">\n<div class=\"et_pb_text_1 et_pb_text et_pb_bg_layout_light et_pb_module et_block_module text-cv\"><div class=\"et_pb_text_inner\"><p>Die Vereinigung des Kantonalen Berufsbildungszentrums (VKBZ) des Kantons Freiburg realisiert in Villaz St. Pierre ein neues Berufsbildungszentrum. Um zeitgen\u00f6ssisches k\u00fcnstlerisches Schaffen zu f\u00f6rdern sowie das kulturelle Erbe zu bereichern, sollte ein Wettbewerb f\u00fcr \u00abKunst am Bau\u00bb durchgef\u00fchrt werden.<\/p>\n<p><strong>Auftraggeber<\/strong><\/p>\n<ul>\n<li>Die Vereinigung des Kantonalen Berufsbildungszentrums (VKBZ) des Kantons Freiburg<\/li>\n<\/ul>\n<p><strong>Ziel<\/strong><\/p>\n<ul>\n<li>Durchf\u00fchrung eines nicht anonymen Ideenwettbewerbsverfahrens mit transparentem Vergabeprozess f\u00fcr Kunst am Bau.<\/li>\n<\/ul>\n<p><strong>Dienstleistungen Vistonia<\/strong><\/p>\n<ul>\n<li>Vorbereitung und Durchf\u00fchrung eines Wettbewerbs \u00abKunst am Bau\u00bb f\u00fcr den Neubau ACPC Villaz St Pierre gem. Norm SIA 101. Evaluation eines Projektvorschlags eines K\u00fcnstlers oder eines K\u00fcnstlerkollektivs, inklusive Vernissage und Schlussbericht.<\/li>\n<\/ul>\n<p><strong>Nutzung<\/strong><\/p>\n<ul>\n<li>Kunst am Bau<\/li>\n<\/ul>\n<\/div><\/div>\n<\/div>\n<\/div>\n<\/div>\n\n<div class=\"et_pb_section_2 et_pb_section et_section_regular et_flex_section\">\n<div class=\"et_pb_row_2 et_pb_row et-vb-row--no-module et_block_row\">\n<div class=\"et_pb_column_3 et_pb_column et_pb_column_4_4 et-last-child et_flex_column et_pb_column_empty et_pb_css_mix_blend_mode_passthrough\"><\/div>\n<\/div>\n<\/div>\n\n<div class=\"et_pb_section_3 et_pb_section et_section_regular et_block_section\">\n<div class=\"et_pb_row_3 et_pb_row et_flex_row\">\n<div class=\"et_pb_column_4 et_pb_column et-last-child et_block_column et_pb_css_mix_blend_mode_passthrough et_flex_column_24_24 et_flex_column_24_24_tablet et_flex_column_24_24_phone\">\n<div class=\"et_pb_text_2 et_pb_text et_pb_bg_layout_light et_pb_module et_block_module custom-list\"><div class=\"et_pb_text_inner\"><p>Referenzprojekte<\/p>\n<\/div><\/div>\n<\/div>\n<\/div>\n\n<div class=\"et_pb_row_4 et_pb_row et_flex_row\">\n<div class=\"et_pb_column_5 et_pb_column et-last-child et_block_column et_pb_css_mix_blend_mode_passthrough et_flex_column_24_24 et_flex_column_24_24_tablet et_flex_column_24_24_phone\">\n<div class=\"et_pb_text_3 et_pb_text et_pb_bg_layout_light et_pb_module et_block_module title\"><div class=\"et_pb_text_inner\"><h2>Weitere Referenzprojekte<\/h2>\n<\/div><\/div>\n<\/div>\n<\/div>\n\n<div class=\"et_pb_row_5 et_pb_row et_flex_row row_projects\"><div class=\"et_pb_column_6 et_pb_column et_flex_column et_pb_css_mix_blend_mode_passthrough et_flex_column_12_24 et_flex_column_12_24_tablet et_flex_column_12_24_phone\" data-loop-item=\"0\">\n<div class=\"et_pb_group_0 et_pb_group et-last-child et_pb_module et_pb_css_mix_blend_mode_passthrough et_clickable\">\n<div class=\"et_pb_image_0 et_pb_image et_pb_module et_flex_module\"><span class=\"et_pb_image_wrap\"><img loading=\"lazy\" decoding=\"async\" src=\"https:\/\/vistonia.ch\/wp-content\/uploads\/2026\/03\/b6b76b_1961707b4f874882a9cfe032e928e232mv2-1024x1022.png\" width=\"1024\" height=\"1022\" srcset=\"https:\/\/vistonia.ch\/wp-content\/uploads\/2026\/03\/b6b76b_1961707b4f874882a9cfe032e928e232mv2-1024x1022.png 1024w, https:\/\/vistonia.ch\/wp-content\/uploads\/2026\/03\/b6b76b_1961707b4f874882a9cfe032e928e232mv2-980x978.png 980w, https:\/\/vistonia.ch\/wp-content\/uploads\/2026\/03\/b6b76b_1961707b4f874882a9cfe032e928e232mv2-480x479.png 480w\" sizes=\"(min-width: 0px) and (max-width: 480px) 480px, (min-width: 481px) and (max-width: 980px) 980px, (min-width: 981px) 1024px, 100vw\" class=\"wp-image-501\" alt=\"B6b76b 1961707b4f874882a9cfe032e928e232mv2 1024x1022\" title=\"Neubau Berufsbildungszentrum Villaz-Saint-Pierre, Wettbewerb Kunst am Bau\"><\/span><\/div>\n\n<div class=\"et_pb_heading_0 et_pb_heading et_pb_module et_flex_module\"><div class=\"et_pb_heading_container\"><h3 class=\"et_pb_module_header\">Unterst\u00fctzung des Kantons Waadt bei einem \u00f6ffentlichen Ausschreibungsverfahren<\/h3><\/div><\/div>\n\n<div class=\"et_pb_text_4 et_pb_text et_pb_bg_layout_light et_pb_module et_flex_module\"><div class=\"et_pb_text_inner\"><p>Generaldirektion f\u00fcr Geb\u00e4ude und Kulturerbe (DGIP), VD<\/p>\n<\/div><\/div>\n<\/div>\n<\/div><div class=\"et_pb_column_7 et_pb_column et-last-child et_flex_column et_pb_css_mix_blend_mode_passthrough et_flex_column_12_24 et_flex_column_12_24_tablet et_flex_column_12_24_phone\" data-loop-item=\"1\">\n<div class=\"et_pb_group_1 et_pb_group et-last-child et_pb_module et_pb_css_mix_blend_mode_passthrough et_clickable\">\n<div class=\"et_pb_image_1 et_pb_image et_pb_module et_flex_module\"><span class=\"et_pb_image_wrap\"><img loading=\"lazy\" decoding=\"async\" src=\"https:\/\/vistonia.ch\/wp-content\/uploads\/2026\/03\/b6b76b_ed4d06f9572646cfbb3c3708b60fe3e9mv2-1024x373.jpg\" width=\"1024\" height=\"373\" srcset=\"https:\/\/vistonia.ch\/wp-content\/uploads\/2026\/03\/b6b76b_ed4d06f9572646cfbb3c3708b60fe3e9mv2-980x357.jpg 980w, https:\/\/vistonia.ch\/wp-content\/uploads\/2026\/03\/b6b76b_ed4d06f9572646cfbb3c3708b60fe3e9mv2-480x175.jpg 480w\" sizes=\"(min-width: 0px) and (max-width: 480px) 480px, (min-width: 481px) and (max-width: 980px) 980px, (min-width: 981px) 1024px, 100vw\" class=\"wp-image-533\" alt=\"B6b76b Ed4d06f9572646cfbb3c3708b60fe3e9mv2 1024x373\" title=\"Neubau Berufsbildungszentrum Villaz-Saint-Pierre, Wettbewerb Kunst am Bau\"><\/span><\/div>\n\n<div class=\"et_pb_heading_1 et_pb_heading et_pb_module et_flex_module\"><div class=\"et_pb_heading_container\"><h3 class=\"et_pb_module_header\">Studienauftrag nach SIA 143 f\u00fcr zwei Seniorenzentren im Bezirk Broye<\/h3><\/div><\/div>\n\n<div class=\"et_pb_text_5 et_pb_text et_pb_bg_layout_light et_pb_module et_flex_module\"><div class=\"et_pb_text_inner\"><p>Oberamt des Broyebezirks<\/p>\n<\/div><\/div>\n<\/div>\n<\/div><\/div>\n\n<div class=\"et_pb_row_6 et_pb_row et_block_row\">\n<div class=\"et_pb_column_8 et_pb_column et_pb_column_4_4 et-last-child et_flex_column et_pb_css_mix_blend_mode_passthrough\">\n<div class=\"et_pb_module et_pb_button_module_wrapper et_pb_button_0_wrapper\"><a class=\"et_pb_button_0 et_pb_button et_pb_bg_layout_light et_pb_module et_block_module\" href=\"https:\/\/vistonia.ch\/projets\/\">Zur\u00fcck zu den Projekten<\/a><\/div>\n<\/div>\n<\/div>\n<\/div>","protected":false},"excerpt":{"rendered":"<p>Die Vereinigung des Kantonalen Berufsbildungszentrums (VKBZ) des Kantons Freiburg<\/p>\n","protected":false},"author":1,"featured_media":973,"comment_status":"open","ping_status":"closed","template":"","meta":{"footnotes":""},"project_category":[],"project_tag":[],"class_list":["post-975","project","type-project","status-publish","has-post-thumbnail","hentry"],"_links":{"self":[{"href":"https:\/\/vistonia.ch\/de\/wp-json\/wp\/v2\/project\/975","targetHints":{"allow":["GET"]}}],"collection":[{"href":"https:\/\/vistonia.ch\/de\/wp-json\/wp\/v2\/project"}],"about":[{"href":"https:\/\/vistonia.ch\/de\/wp-json\/wp\/v2\/types\/project"}],"author":[{"embeddable":true,"href":"https:\/\/vistonia.ch\/de\/wp-json\/wp\/v2\/users\/1"}],"replies":[{"embeddable":true,"href":"https:\/\/vistonia.ch\/de\/wp-json\/wp\/v2\/comments?post=975"}],"version-history":[{"count":3,"href":"https:\/\/vistonia.ch\/de\/wp-json\/wp\/v2\/project\/975\/revisions"}],"predecessor-version":[{"id":978,"href":"https:\/\/vistonia.ch\/de\/wp-json\/wp\/v2\/project\/975\/revisions\/978"}],"wp:featuredmedia":[{"embeddable":true,"href":"https:\/\/vistonia.ch\/de\/wp-json\/wp\/v2\/media\/973"}],"wp:attachment":[{"href":"https:\/\/vistonia.ch\/de\/wp-json\/wp\/v2\/media?parent=975"}],"wp:term":[{"taxonomy":"project_category","embeddable":true,"href":"https:\/\/vistonia.ch\/de\/wp-json\/wp\/v2\/project_category?post=975"},{"taxonomy":"project_tag","embeddable":true,"href":"https:\/\/vistonia.ch\/de\/wp-json\/wp\/v2\/project_tag?post=975"}],"curies":[{"name":"wp","href":"https:\/\/api.w.org\/{rel}","templated":true}]}}

<div class="et_pb_section_0 et_pb_section et_section_regular et_block_section"></div>

<div class="et_pb_section_1 et_pb_section et_section_regular et_block_section" id="qui-sommes-nous">
<div class="et_pb_row_0 et_pb_row et_block_row">
<div class="et_pb_column_0 et_pb_column et_pb_column_4_4 et-last-child et_block_column et_pb_css_mix_blend_mode_passthrough">
<div class="et_pb_text_0 et_pb_text et_pb_bg_layout_light et_pb_module et_block_module custom-list"><div class="et_pb_text_inner"><p>Referenzprojekt</p>
</div></div>
</div>
</div>

<div class="et_pb_row_1 et_pb_row et_flex_row">
<div class="et_pb_column_1 et_pb_column et_block_column et_pb_css_mix_blend_mode_passthrough et_flex_column_2_5 et_flex_column_2_5_tablet et_flex_column_24_24_phone">
<div class="et_pb_post_title_0 et_pb_post_title et_pb_bg_layout_light et_pb_module et_block_module"><div class="et_pb_title_container"><h1 class="entry-title">Neubau Berufsbildungszentrum Villaz-Saint-Pierre, Wettbewerb Kunst am Bau</h1></div></div>
</div>

<div class="et_pb_column_2 et_pb_column et-last-child et_block_column et_pb_css_mix_blend_mode_passthrough et_flex_column_3_5 et_flex_column_3_5_tablet et_flex_column_24_24_phone">
<div class="et_pb_text_1 et_pb_text et_pb_bg_layout_light et_pb_module et_block_module text-cv"><div class="et_pb_text_inner"><p>Die Vereinigung des Kantonalen Berufsbildungszentrums (VKBZ) des Kantons Freiburg realisiert in Villaz St. Pierre ein neues Berufsbildungszentrum. Um zeitgenössisches künstlerisches Schaffen zu fördern sowie das kulturelle Erbe zu bereichern, sollte ein Wettbewerb für «Kunst am Bau» durchgeführt werden.</p>
<p><strong>Auftraggeber</strong></p>
<ul>
<li>Die Vereinigung des Kantonalen Berufsbildungszentrums (VKBZ) des Kantons Freiburg</li>
</ul>
<p><strong>Ziel</strong></p>
<ul>
<li>Durchführung eines nicht anonymen Ideenwettbewerbsverfahrens mit transparentem Vergabeprozess für Kunst am Bau.</li>
</ul>
<p><strong>Dienstleistungen Vistonia</strong></p>
<ul>
<li>Vorbereitung und Durchführung eines Wettbewerbs «Kunst am Bau» für den Neubau ACPC Villaz St Pierre gem. Norm SIA 101. Evaluation eines Projektvorschlags eines Künstlers oder eines Künstlerkollektivs, inklusive Vernissage und Schlussbericht.</li>
</ul>
<p><strong>Nutzung</strong></p>
<ul>
<li>Kunst am Bau</li>
</ul>
</div></div>
</div>
</div>
</div>

<div class="et_pb_section_2 et_pb_section et_section_regular et_flex_section">
<div class="et_pb_row_2 et_pb_row et-vb-row--no-module et_block_row">
<div class="et_pb_column_3 et_pb_column et_pb_column_4_4 et-last-child et_flex_column et_pb_column_empty et_pb_css_mix_blend_mode_passthrough"></div>
</div>
</div>

<div class="et_pb_section_3 et_pb_section et_section_regular et_block_section">
<div class="et_pb_row_3 et_pb_row et_flex_row">
<div class="et_pb_column_4 et_pb_column et-last-child et_block_column et_pb_css_mix_blend_mode_passthrough et_flex_column_24_24 et_flex_column_24_24_tablet et_flex_column_24_24_phone">
<div class="et_pb_text_2 et_pb_text et_pb_bg_layout_light et_pb_module et_block_module custom-list"><div class="et_pb_text_inner"><p>Referenzprojekte</p>
</div></div>
</div>
</div>

<div class="et_pb_row_4 et_pb_row et_flex_row">
<div class="et_pb_column_5 et_pb_column et-last-child et_block_column et_pb_css_mix_blend_mode_passthrough et_flex_column_24_24 et_flex_column_24_24_tablet et_flex_column_24_24_phone">
<div class="et_pb_text_3 et_pb_text et_pb_bg_layout_light et_pb_module et_block_module title"><div class="et_pb_text_inner"><h2>Weitere Referenzprojekte</h2>
</div></div>
</div>
</div>

<div class="et_pb_row_5 et_pb_row et_flex_row row_projects"><div class="et_pb_column_6 et_pb_column et_flex_column et_pb_css_mix_blend_mode_passthrough et_flex_column_12_24 et_flex_column_12_24_tablet et_flex_column_12_24_phone" data-loop-item="0">
<div class="et_pb_group_0 et_pb_group et-last-child et_pb_module et_pb_css_mix_blend_mode_passthrough et_clickable">
<div class="et_pb_image_0 et_pb_image et_pb_module et_flex_module"><span class="et_pb_image_wrap"><img loading="lazy" decoding="async" src="https://vistonia.ch/wp-content/uploads/2026/03/b6b76b_1961707b4f874882a9cfe032e928e232mv2-1024x1022.png" width="1024" height="1022" srcset="https://vistonia.ch/wp-content/uploads/2026/03/b6b76b_1961707b4f874882a9cfe032e928e232mv2-1024x1022.png 1024w, https://vistonia.ch/wp-content/uploads/2026/03/b6b76b_1961707b4f874882a9cfe032e928e232mv2-980x978.png 980w, https://vistonia.ch/wp-content/uploads/2026/03/b6b76b_1961707b4f874882a9cfe032e928e232mv2-480x479.png 480w" sizes="(min-width: 0px) and (max-width: 480px) 480px, (min-width: 481px) and (max-width: 980px) 980px, (min-width: 981px) 1024px, 100vw" class="wp-image-501" alt="B6b76b 1961707b4f874882a9cfe032e928e232mv2 1024x1022" title="Neubau Berufsbildungszentrum Villaz-Saint-Pierre, Wettbewerb Kunst am Bau"></span></div>

<div class="et_pb_heading_0 et_pb_heading et_pb_module et_flex_module"><div class="et_pb_heading_container"><h3 class="et_pb_module_header">Unterstützung des Kantons Waadt bei einem öffentlichen Ausschreibungsverfahren</h3></div></div>

<div class="et_pb_text_4 et_pb_text et_pb_bg_layout_light et_pb_module et_flex_module"><div class="et_pb_text_inner"><p>Generaldirektion für Gebäude und Kulturerbe (DGIP), VD</p>
</div></div>
</div>
</div><div class="et_pb_column_7 et_pb_column et-last-child et_flex_column et_pb_css_mix_blend_mode_passthrough et_flex_column_12_24 et_flex_column_12_24_tablet et_flex_column_12_24_phone" data-loop-item="1">
<div class="et_pb_group_1 et_pb_group et-last-child et_pb_module et_pb_css_mix_blend_mode_passthrough et_clickable">
<div class="et_pb_image_1 et_pb_image et_pb_module et_flex_module"><span class="et_pb_image_wrap"><img loading="lazy" decoding="async" src="https://vistonia.ch/wp-content/uploads/2026/03/b6b76b_ed4d06f9572646cfbb3c3708b60fe3e9mv2-1024x373.jpg" width="1024" height="373" srcset="https://vistonia.ch/wp-content/uploads/2026/03/b6b76b_ed4d06f9572646cfbb3c3708b60fe3e9mv2-980x357.jpg 980w, https://vistonia.ch/wp-content/uploads/2026/03/b6b76b_ed4d06f9572646cfbb3c3708b60fe3e9mv2-480x175.jpg 480w" sizes="(min-width: 0px) and (max-width: 480px) 480px, (min-width: 481px) and (max-width: 980px) 980px, (min-width: 981px) 1024px, 100vw" class="wp-image-533" alt="B6b76b Ed4d06f9572646cfbb3c3708b60fe3e9mv2 1024x373" title="Neubau Berufsbildungszentrum Villaz-Saint-Pierre, Wettbewerb Kunst am Bau"></span></div>

<div class="et_pb_heading_1 et_pb_heading et_pb_module et_flex_module"><div class="et_pb_heading_container"><h3 class="et_pb_module_header">Studienauftrag nach SIA 143 für zwei Seniorenzentren im Bezirk Broye</h3></div></div>

<div class="et_pb_text_5 et_pb_text et_pb_bg_layout_light et_pb_module et_flex_module"><div class="et_pb_text_inner"><p>Oberamt des Broyebezirks</p>
</div></div>
</div>
</div></div>

<div class="et_pb_row_6 et_pb_row et_block_row">
<div class="et_pb_column_8 et_pb_column et_pb_column_4_4 et-last-child et_flex_column et_pb_css_mix_blend_mode_passthrough">
<div class="et_pb_module et_pb_button_module_wrapper et_pb_button_0_wrapper"><a class="et_pb_button_0 et_pb_button et_pb_bg_layout_light et_pb_module et_block_module" href="https://vistonia.ch/projets/">Zurück zu den Projekten</a></div>
</div>
</div>
</div>
