{"id":946,"date":"2026-03-26T14:59:28","date_gmt":"2026-03-26T13:59:28","guid":{"rendered":"https:\/\/vistonia.ch\/project\/developpement-innovant-et-durable-du-site-du-centre-touristique-lac-noir-fr\/"},"modified":"2026-03-29T07:33:56","modified_gmt":"2026-03-29T05:33:56","slug":"developpement-innovant-et-durable-du-site-du-centre-touristique-lac-noir-fr","status":"publish","type":"project","link":"https:\/\/vistonia.ch\/de\/innovative-und-nachhaltige-arealentwicklung-des-touristischen-zentrums-schwarzsee-fr\/","title":{"rendered":"Innovative und nachhaltige Arealentwicklung des \u00abtouristischen Zentrums\u00bb Schwarzsee, FR"},"content":{"rendered":"<div class=\"et_pb_section_0 et_pb_section et_section_regular et_block_section\"><\/div>\n\n<div class=\"et_pb_section_1 et_pb_section et_section_regular et_block_section\" id=\"qui-sommes-nous\">\n<div class=\"et_pb_row_0 et_pb_row et_block_row\">\n<div class=\"et_pb_column_0 et_pb_column et_pb_column_4_4 et-last-child et_block_column et_pb_css_mix_blend_mode_passthrough\">\n<div class=\"et_pb_text_0 et_pb_text et_pb_bg_layout_light et_pb_module et_block_module custom-list\"><div class=\"et_pb_text_inner\"><p>Referenzprojekt<\/p>\n<\/div><\/div>\n<\/div>\n<\/div>\n\n<div class=\"et_pb_row_1 et_pb_row et_flex_row\">\n<div class=\"et_pb_column_1 et_pb_column et_block_column et_pb_css_mix_blend_mode_passthrough et_flex_column_2_5 et_flex_column_2_5_tablet et_flex_column_24_24_phone\">\n<div class=\"et_pb_post_title_0 et_pb_post_title et_pb_bg_layout_light et_pb_module et_block_module\"><div class=\"et_pb_title_container\"><h1 class=\"entry-title\">Innovative und nachhaltige Arealentwicklung des \u00abtouristischen Zentrums\u00bb Schwarzsee, FR<\/h1><\/div><\/div>\n<\/div>\n\n<div class=\"et_pb_column_2 et_pb_column et-last-child et_block_column et_pb_css_mix_blend_mode_passthrough et_flex_column_3_5 et_flex_column_3_5_tablet et_flex_column_24_24_phone\">\n<div class=\"et_pb_text_1 et_pb_text et_pb_bg_layout_light et_pb_module et_block_module text-cv\"><div class=\"et_pb_text_inner\"><p>Die Eingangspforte zum Tourismusgebiet Schwarzsee soll neugestaltet und dadurch den Standortqualit\u00e4ten gerecht werden. In Zukunft sollen auf dem heute als Parkplatz genutzten Grundst\u00fcck attraktive, bewirtschaftete Apartments, L\u00e4den, Gastronomiefl\u00e4chen und ein Parkhaus entstehen und mit dem neuen Flair das Tourismusangebot in Schwarzsee noch attraktiver gestalten.<\/p>\n<p><strong>Auftraggeber<\/strong><\/p>\n<ul>\n<li>Kaisereggbahnen Schwarzsee AG, Gemeinde Plaffeien<\/li>\n<\/ul>\n<p><strong>Ziel<\/strong><\/p>\n<ul>\n<li>Nutzungsangebot schaffen und Tourismusangebot sicherstellen<\/li>\n<\/ul>\n<p><strong>Dienstleistungen Vistonia<\/strong><\/p>\n<ul>\n<li>Arealentwicklung<\/li>\n<li>Erarbeitung der Vision und Best\u00e4tigung mittels Machbarkeitsstudie<\/li>\n<li>Zusammenarbeit mit momoswiss<\/li>\n<\/ul>\n<p><strong>Nutzung<\/strong><\/p>\n<ul>\n<li>Bewirtschaftetes Wohnen<\/li>\n<li>Gewerbefl\u00e4chen<\/li>\n<li>Parkhaus<\/li>\n<\/ul>\n<p><strong>Kennzahlen<\/strong><\/p>\n<ul>\n<li>ca. 24'000 m\u00b2 GF<\/li>\n<li>ca. CHF 50 Mio. BKP 1-9<\/li>\n<\/ul>\n<\/div><\/div>\n<\/div>\n<\/div>\n<\/div>\n\n<div class=\"et_pb_section_2 et_pb_section et_section_regular et_flex_section\">\n<div class=\"et_pb_row_2 et_pb_row et-vb-row--no-module et_block_row\">\n<div class=\"et_pb_column_3 et_pb_column et_pb_column_4_4 et-last-child et_flex_column et_pb_column_empty et_pb_css_mix_blend_mode_passthrough\"><\/div>\n<\/div>\n<\/div>\n\n<div class=\"et_pb_section_3 et_pb_section et_section_regular et_block_section\">\n<div class=\"et_pb_row_3 et_pb_row et_flex_row\">\n<div class=\"et_pb_column_4 et_pb_column et-last-child et_block_column et_pb_css_mix_blend_mode_passthrough et_flex_column_24_24 et_flex_column_24_24_tablet et_flex_column_24_24_phone\">\n<div class=\"et_pb_text_2 et_pb_text et_pb_bg_layout_light et_pb_module et_block_module custom-list\"><div class=\"et_pb_text_inner\"><p>Referenzprojekte<\/p>\n<\/div><\/div>\n<\/div>\n<\/div>\n\n<div class=\"et_pb_row_4 et_pb_row et_flex_row\">\n<div class=\"et_pb_column_5 et_pb_column et-last-child et_block_column et_pb_css_mix_blend_mode_passthrough et_flex_column_24_24 et_flex_column_24_24_tablet et_flex_column_24_24_phone\">\n<div class=\"et_pb_text_3 et_pb_text et_pb_bg_layout_light et_pb_module et_block_module title\"><div class=\"et_pb_text_inner\"><h2>Weitere Referenzprojekte<\/h2>\n<\/div><\/div>\n<\/div>\n<\/div>\n\n<div class=\"et_pb_row_5 et_pb_row et_flex_row row_projects\"><div class=\"et_pb_column_6 et_pb_column et_flex_column et_pb_css_mix_blend_mode_passthrough et_flex_column_12_24 et_flex_column_12_24_tablet et_flex_column_12_24_phone\" data-loop-item=\"0\">\n<div class=\"et_pb_group_0 et_pb_group et-last-child et_pb_module et_pb_css_mix_blend_mode_passthrough et_clickable\">\n<div class=\"et_pb_image_0 et_pb_image et_pb_module et_flex_module\"><span class=\"et_pb_image_wrap\"><img loading=\"lazy\" decoding=\"async\" src=\"https:\/\/vistonia.ch\/wp-content\/uploads\/2026\/03\/b6b76b_1961707b4f874882a9cfe032e928e232mv2-1024x1022.png\" width=\"1024\" height=\"1022\" srcset=\"https:\/\/vistonia.ch\/wp-content\/uploads\/2026\/03\/b6b76b_1961707b4f874882a9cfe032e928e232mv2-1024x1022.png 1024w, https:\/\/vistonia.ch\/wp-content\/uploads\/2026\/03\/b6b76b_1961707b4f874882a9cfe032e928e232mv2-980x978.png 980w, https:\/\/vistonia.ch\/wp-content\/uploads\/2026\/03\/b6b76b_1961707b4f874882a9cfe032e928e232mv2-480x479.png 480w\" sizes=\"(min-width: 0px) and (max-width: 480px) 480px, (min-width: 481px) and (max-width: 980px) 980px, (min-width: 981px) 1024px, 100vw\" class=\"wp-image-501\" alt=\"B6b76b 1961707b4f874882a9cfe032e928e232mv2 1024x1022\" title=\"Innovative und nachhaltige Arealentwicklung des \u00abtouristischen Zentrums\u00bb Schwarzsee, FR\"><\/span><\/div>\n\n<div class=\"et_pb_heading_0 et_pb_heading et_pb_module et_flex_module\"><div class=\"et_pb_heading_container\"><h3 class=\"et_pb_module_header\">Unterst\u00fctzung des Kantons Waadt bei einem \u00f6ffentlichen Ausschreibungsverfahren<\/h3><\/div><\/div>\n\n<div class=\"et_pb_text_4 et_pb_text et_pb_bg_layout_light et_pb_module et_flex_module\"><div class=\"et_pb_text_inner\"><p>Generaldirektion f\u00fcr Geb\u00e4ude und Kulturerbe (DGIP), VD<\/p>\n<\/div><\/div>\n<\/div>\n<\/div><div class=\"et_pb_column_7 et_pb_column et-last-child et_flex_column et_pb_css_mix_blend_mode_passthrough et_flex_column_12_24 et_flex_column_12_24_tablet et_flex_column_12_24_phone\" data-loop-item=\"1\">\n<div class=\"et_pb_group_1 et_pb_group et-last-child et_pb_module et_pb_css_mix_blend_mode_passthrough et_clickable\">\n<div class=\"et_pb_image_1 et_pb_image et_pb_module et_flex_module\"><span class=\"et_pb_image_wrap\"><img loading=\"lazy\" decoding=\"async\" src=\"https:\/\/vistonia.ch\/wp-content\/uploads\/2026\/03\/b6b76b_f024418830674a03ba93276ce57244dfmv2-1024x373.jpg\" width=\"1024\" height=\"373\" srcset=\"https:\/\/vistonia.ch\/wp-content\/uploads\/2026\/03\/b6b76b_f024418830674a03ba93276ce57244dfmv2-980x357.jpg 980w, https:\/\/vistonia.ch\/wp-content\/uploads\/2026\/03\/b6b76b_f024418830674a03ba93276ce57244dfmv2-480x175.jpg 480w\" sizes=\"(min-width: 0px) and (max-width: 480px) 480px, (min-width: 481px) and (max-width: 980px) 980px, (min-width: 981px) 1024px, 100vw\" class=\"wp-image-548\" alt=\"B6b76b F024418830674a03ba93276ce57244dfmv2 1024x373\" title=\"Innovative und nachhaltige Arealentwicklung des \u00abtouristischen Zentrums\u00bb Schwarzsee, FR\"><\/span><\/div>\n\n<div class=\"et_pb_heading_1 et_pb_heading et_pb_module et_flex_module\"><div class=\"et_pb_heading_container\"><h3 class=\"et_pb_module_header\">Studienauftrag nach SIA 143 f\u00fcr eine Transformation eines denkmalgesch\u00fctzten Geb\u00e4udes<\/h3><\/div><\/div>\n\n<div class=\"et_pb_text_5 et_pb_text et_pb_bg_layout_light et_pb_module et_flex_module\"><div class=\"et_pb_text_inner\"><p>Hochbauamt Freiburg &#8211; HBA<\/p>\n<\/div><\/div>\n<\/div>\n<\/div><\/div>\n\n<div class=\"et_pb_row_6 et_pb_row et_block_row\">\n<div class=\"et_pb_column_8 et_pb_column et_pb_column_4_4 et-last-child et_flex_column et_pb_css_mix_blend_mode_passthrough\">\n<div class=\"et_pb_module et_pb_button_module_wrapper et_pb_button_0_wrapper\"><a class=\"et_pb_button_0 et_pb_button et_pb_bg_layout_light et_pb_module et_block_module\" href=\"https:\/\/vistonia.ch\/projets\/\">Zur\u00fcck zu den Projekten<\/a><\/div>\n<\/div>\n<\/div>\n<\/div>","protected":false},"excerpt":{"rendered":"<p>Kaisereggbahnen Schwarzsee AG, Gemeinde Plaffeien<\/p>\n","protected":false},"author":1,"featured_media":944,"comment_status":"open","ping_status":"closed","template":"","meta":{"footnotes":""},"project_category":[],"project_tag":[],"class_list":["post-946","project","type-project","status-publish","has-post-thumbnail","hentry"],"_links":{"self":[{"href":"https:\/\/vistonia.ch\/de\/wp-json\/wp\/v2\/project\/946","targetHints":{"allow":["GET"]}}],"collection":[{"href":"https:\/\/vistonia.ch\/de\/wp-json\/wp\/v2\/project"}],"about":[{"href":"https:\/\/vistonia.ch\/de\/wp-json\/wp\/v2\/types\/project"}],"author":[{"embeddable":true,"href":"https:\/\/vistonia.ch\/de\/wp-json\/wp\/v2\/users\/1"}],"replies":[{"embeddable":true,"href":"https:\/\/vistonia.ch\/de\/wp-json\/wp\/v2\/comments?post=946"}],"version-history":[{"count":3,"href":"https:\/\/vistonia.ch\/de\/wp-json\/wp\/v2\/project\/946\/revisions"}],"predecessor-version":[{"id":949,"href":"https:\/\/vistonia.ch\/de\/wp-json\/wp\/v2\/project\/946\/revisions\/949"}],"wp:featuredmedia":[{"embeddable":true,"href":"https:\/\/vistonia.ch\/de\/wp-json\/wp\/v2\/media\/944"}],"wp:attachment":[{"href":"https:\/\/vistonia.ch\/de\/wp-json\/wp\/v2\/media?parent=946"}],"wp:term":[{"taxonomy":"project_category","embeddable":true,"href":"https:\/\/vistonia.ch\/de\/wp-json\/wp\/v2\/project_category?post=946"},{"taxonomy":"project_tag","embeddable":true,"href":"https:\/\/vistonia.ch\/de\/wp-json\/wp\/v2\/project_tag?post=946"}],"curies":[{"name":"wp","href":"https:\/\/api.w.org\/{rel}","templated":true}]}}

<div class="et_pb_section_0 et_pb_section et_section_regular et_block_section"></div>

<div class="et_pb_section_1 et_pb_section et_section_regular et_block_section" id="qui-sommes-nous">
<div class="et_pb_row_0 et_pb_row et_block_row">
<div class="et_pb_column_0 et_pb_column et_pb_column_4_4 et-last-child et_block_column et_pb_css_mix_blend_mode_passthrough">
<div class="et_pb_text_0 et_pb_text et_pb_bg_layout_light et_pb_module et_block_module custom-list"><div class="et_pb_text_inner"><p>Referenzprojekt</p>
</div></div>
</div>
</div>

<div class="et_pb_row_1 et_pb_row et_flex_row">
<div class="et_pb_column_1 et_pb_column et_block_column et_pb_css_mix_blend_mode_passthrough et_flex_column_2_5 et_flex_column_2_5_tablet et_flex_column_24_24_phone">
<div class="et_pb_post_title_0 et_pb_post_title et_pb_bg_layout_light et_pb_module et_block_module"><div class="et_pb_title_container"><h1 class="entry-title">Innovative und nachhaltige Arealentwicklung des «touristischen Zentrums» Schwarzsee, FR</h1></div></div>
</div>

<div class="et_pb_column_2 et_pb_column et-last-child et_block_column et_pb_css_mix_blend_mode_passthrough et_flex_column_3_5 et_flex_column_3_5_tablet et_flex_column_24_24_phone">
<div class="et_pb_text_1 et_pb_text et_pb_bg_layout_light et_pb_module et_block_module text-cv"><div class="et_pb_text_inner"><p>Die Eingangspforte zum Tourismusgebiet Schwarzsee soll neugestaltet und dadurch den Standortqualitäten gerecht werden. In Zukunft sollen auf dem heute als Parkplatz genutzten Grundstück attraktive, bewirtschaftete Apartments, Läden, Gastronomieflächen und ein Parkhaus entstehen und mit dem neuen Flair das Tourismusangebot in Schwarzsee noch attraktiver gestalten.</p>
<p><strong>Auftraggeber</strong></p>
<ul>
<li>Kaisereggbahnen Schwarzsee AG, Gemeinde Plaffeien</li>
</ul>
<p><strong>Ziel</strong></p>
<ul>
<li>Nutzungsangebot schaffen und Tourismusangebot sicherstellen</li>
</ul>
<p><strong>Dienstleistungen Vistonia</strong></p>
<ul>
<li>Arealentwicklung</li>
<li>Erarbeitung der Vision und Bestätigung mittels Machbarkeitsstudie</li>
<li>Zusammenarbeit mit momoswiss</li>
</ul>
<p><strong>Nutzung</strong></p>
<ul>
<li>Bewirtschaftetes Wohnen</li>
<li>Gewerbeflächen</li>
<li>Parkhaus</li>
</ul>
<p><strong>Kennzahlen</strong></p>
<ul>
<li>ca. 24'000 m² GF</li>
<li>ca. CHF 50 Mio. BKP 1-9</li>
</ul>
</div></div>
</div>
</div>
</div>

<div class="et_pb_section_2 et_pb_section et_section_regular et_flex_section">
<div class="et_pb_row_2 et_pb_row et-vb-row--no-module et_block_row">
<div class="et_pb_column_3 et_pb_column et_pb_column_4_4 et-last-child et_flex_column et_pb_column_empty et_pb_css_mix_blend_mode_passthrough"></div>
</div>
</div>

<div class="et_pb_section_3 et_pb_section et_section_regular et_block_section">
<div class="et_pb_row_3 et_pb_row et_flex_row">
<div class="et_pb_column_4 et_pb_column et-last-child et_block_column et_pb_css_mix_blend_mode_passthrough et_flex_column_24_24 et_flex_column_24_24_tablet et_flex_column_24_24_phone">
<div class="et_pb_text_2 et_pb_text et_pb_bg_layout_light et_pb_module et_block_module custom-list"><div class="et_pb_text_inner"><p>Referenzprojekte</p>
</div></div>
</div>
</div>

<div class="et_pb_row_4 et_pb_row et_flex_row">
<div class="et_pb_column_5 et_pb_column et-last-child et_block_column et_pb_css_mix_blend_mode_passthrough et_flex_column_24_24 et_flex_column_24_24_tablet et_flex_column_24_24_phone">
<div class="et_pb_text_3 et_pb_text et_pb_bg_layout_light et_pb_module et_block_module title"><div class="et_pb_text_inner"><h2>Weitere Referenzprojekte</h2>
</div></div>
</div>
</div>

<div class="et_pb_row_5 et_pb_row et_flex_row row_projects"><div class="et_pb_column_6 et_pb_column et_flex_column et_pb_css_mix_blend_mode_passthrough et_flex_column_12_24 et_flex_column_12_24_tablet et_flex_column_12_24_phone" data-loop-item="0">
<div class="et_pb_group_0 et_pb_group et-last-child et_pb_module et_pb_css_mix_blend_mode_passthrough et_clickable">
<div class="et_pb_image_0 et_pb_image et_pb_module et_flex_module"><span class="et_pb_image_wrap"><img loading="lazy" decoding="async" src="https://vistonia.ch/wp-content/uploads/2026/03/b6b76b_1961707b4f874882a9cfe032e928e232mv2-1024x1022.png" width="1024" height="1022" srcset="https://vistonia.ch/wp-content/uploads/2026/03/b6b76b_1961707b4f874882a9cfe032e928e232mv2-1024x1022.png 1024w, https://vistonia.ch/wp-content/uploads/2026/03/b6b76b_1961707b4f874882a9cfe032e928e232mv2-980x978.png 980w, https://vistonia.ch/wp-content/uploads/2026/03/b6b76b_1961707b4f874882a9cfe032e928e232mv2-480x479.png 480w" sizes="(min-width: 0px) and (max-width: 480px) 480px, (min-width: 481px) and (max-width: 980px) 980px, (min-width: 981px) 1024px, 100vw" class="wp-image-501" alt="B6b76b 1961707b4f874882a9cfe032e928e232mv2 1024x1022" title="Innovative und nachhaltige Arealentwicklung des «touristischen Zentrums» Schwarzsee, FR"></span></div>

<div class="et_pb_heading_0 et_pb_heading et_pb_module et_flex_module"><div class="et_pb_heading_container"><h3 class="et_pb_module_header">Unterstützung des Kantons Waadt bei einem öffentlichen Ausschreibungsverfahren</h3></div></div>

<div class="et_pb_text_4 et_pb_text et_pb_bg_layout_light et_pb_module et_flex_module"><div class="et_pb_text_inner"><p>Generaldirektion für Gebäude und Kulturerbe (DGIP), VD</p>
</div></div>
</div>
</div><div class="et_pb_column_7 et_pb_column et-last-child et_flex_column et_pb_css_mix_blend_mode_passthrough et_flex_column_12_24 et_flex_column_12_24_tablet et_flex_column_12_24_phone" data-loop-item="1">
<div class="et_pb_group_1 et_pb_group et-last-child et_pb_module et_pb_css_mix_blend_mode_passthrough et_clickable">
<div class="et_pb_image_1 et_pb_image et_pb_module et_flex_module"><span class="et_pb_image_wrap"><img loading="lazy" decoding="async" src="https://vistonia.ch/wp-content/uploads/2026/03/b6b76b_f024418830674a03ba93276ce57244dfmv2-1024x373.jpg" width="1024" height="373" srcset="https://vistonia.ch/wp-content/uploads/2026/03/b6b76b_f024418830674a03ba93276ce57244dfmv2-980x357.jpg 980w, https://vistonia.ch/wp-content/uploads/2026/03/b6b76b_f024418830674a03ba93276ce57244dfmv2-480x175.jpg 480w" sizes="(min-width: 0px) and (max-width: 480px) 480px, (min-width: 481px) and (max-width: 980px) 980px, (min-width: 981px) 1024px, 100vw" class="wp-image-548" alt="B6b76b F024418830674a03ba93276ce57244dfmv2 1024x373" title="Innovative und nachhaltige Arealentwicklung des «touristischen Zentrums» Schwarzsee, FR"></span></div>

<div class="et_pb_heading_1 et_pb_heading et_pb_module et_flex_module"><div class="et_pb_heading_container"><h3 class="et_pb_module_header">Studienauftrag nach SIA 143 für eine Transformation eines denkmalgeschützten Gebäudes</h3></div></div>

<div class="et_pb_text_5 et_pb_text et_pb_bg_layout_light et_pb_module et_flex_module"><div class="et_pb_text_inner"><p>Hochbauamt Freiburg &#8211; HBA</p>
</div></div>
</div>
</div></div>

<div class="et_pb_row_6 et_pb_row et_block_row">
<div class="et_pb_column_8 et_pb_column et_pb_column_4_4 et-last-child et_flex_column et_pb_css_mix_blend_mode_passthrough">
<div class="et_pb_module et_pb_button_module_wrapper et_pb_button_0_wrapper"><a class="et_pb_button_0 et_pb_button et_pb_bg_layout_light et_pb_module et_block_module" href="https://vistonia.ch/projets/">Zurück zu den Projekten</a></div>
</div>
</div>
</div>
