{"id":915,"date":"2026-03-26T14:32:51","date_gmt":"2026-03-26T13:32:51","guid":{"rendered":"https:\/\/vistonia.ch\/project\/developpement-centre-professionnel-cantonal-etat-de-fribourg\/"},"modified":"2026-03-29T07:09:56","modified_gmt":"2026-03-29T05:09:56","slug":"developpement-centre-professionnel-cantonal-etat-de-fribourg","status":"publish","type":"project","link":"https:\/\/vistonia.ch\/de\/entwicklung-berufsbildungszentrum-kanton-freiburg\/","title":{"rendered":"Entwicklung Berufsbildungszentrum Kanton Freiburg"},"content":{"rendered":"<div class=\"et_pb_section_0 et_pb_section et_section_regular et_block_section\"><\/div>\n\n<div class=\"et_pb_section_1 et_pb_section et_section_regular et_block_section\" id=\"qui-sommes-nous\">\n<div class=\"et_pb_row_0 et_pb_row et_block_row\">\n<div class=\"et_pb_column_0 et_pb_column et_pb_column_4_4 et-last-child et_block_column et_pb_css_mix_blend_mode_passthrough\">\n<div class=\"et_pb_text_0 et_pb_text et_pb_bg_layout_light et_pb_module et_block_module custom-list\"><div class=\"et_pb_text_inner\"><p>Referenzprojekt<\/p>\n<\/div><\/div>\n<\/div>\n<\/div>\n\n<div class=\"et_pb_row_1 et_pb_row et_flex_row\">\n<div class=\"et_pb_column_1 et_pb_column et_block_column et_pb_css_mix_blend_mode_passthrough et_flex_column_2_5 et_flex_column_2_5_tablet et_flex_column_24_24_phone\">\n<div class=\"et_pb_post_title_0 et_pb_post_title et_pb_bg_layout_light et_pb_module et_block_module\"><div class=\"et_pb_title_container\"><h1 class=\"entry-title\">Entwicklung Berufsbildungszentrum Kanton Freiburg<\/h1><\/div><\/div>\n<\/div>\n\n<div class=\"et_pb_column_2 et_pb_column et-last-child et_block_column et_pb_css_mix_blend_mode_passthrough et_flex_column_3_5 et_flex_column_3_5_tablet et_flex_column_24_24_phone\">\n<div class=\"et_pb_text_1 et_pb_text et_pb_bg_layout_light et_pb_module et_block_module text-cv\"><div class=\"et_pb_text_inner\"><p>Das Kantonale Berufsbildungszentrums (ACPC) hat das Ziel, die Finanzierung der Berufsbildung im Kanton Freiburg zu unterst\u00fctzen. Tr\u00e4gerschaft ist Staat Freiburg, die Gemeinden des Kantons sowie die Arbeitnehmerorganisationen. Der ACPC unterst\u00fctzt die Entwicklung der Berufsausbildung durch den Bau, die Instandhaltung und den Betrieb von Berufsausbildungseinrichtungen. Um den Bedarf an Schulungs- und Unterrichtsr\u00e4umen zu decken, hat der ACPC verschiedene Projekte gestartet. Ein erstes Mandat wurde 2019 an Vistonia SA vergeben, um den ACPC bei der Umsetzung der Immobilienstrategie und seines Finanzplans sowie bei der Koordination dieser verschiedenen Projekte zu unterst\u00fctzen.<\/p>\n<p><strong>Auftraggeber<\/strong><\/p>\n<p>Vereinigung des kantonalen Berufsbildungszentrums<\/p>\n<p><strong>Ziel<\/strong><\/p>\n<ul>\n<li>Entwicklung des Raumangebotes zur Sicherstellung der langfristigen Lehrlingsausbildung<\/li>\n<\/ul>\n<p><strong>Dienstleistungen Vistonia<\/strong><\/p>\n<ul>\n<li>Begleitung Bauherr in Entwicklung eines kantonalen Berufsbildungszentrums<\/li>\n<li>Prozesssteuerung von Architekturwettbewerb\/Studienauftrag bis Realisierungsbeginn<\/li>\n<li>Begleitung Bauherr in Realisierungsphase<\/li>\n<\/ul>\n<p><strong>Nutzung<\/strong><\/p>\n<ul>\n<li>Ausbildung<\/li>\n<\/ul>\n<p><strong>Kennzahlen<\/strong><\/p>\n<ul>\n<li>ca. 65'000 m\u00b2 NGF<\/li>\n<li>ca. CHF 170 Mio.<\/li>\n<\/ul>\n<\/div><\/div>\n<\/div>\n<\/div>\n<\/div>\n\n<div class=\"et_pb_section_2 et_pb_section et_section_regular et_flex_section\">\n<div class=\"et_pb_row_2 et_pb_row et-vb-row--no-module et_block_row\">\n<div class=\"et_pb_column_3 et_pb_column et_pb_column_4_4 et-last-child et_flex_column et_pb_column_empty et_pb_css_mix_blend_mode_passthrough\"><\/div>\n<\/div>\n<\/div>\n\n<div class=\"et_pb_section_3 et_pb_section et_section_regular et_block_section\">\n<div class=\"et_pb_row_3 et_pb_row et_flex_row\">\n<div class=\"et_pb_column_4 et_pb_column et-last-child et_block_column et_pb_css_mix_blend_mode_passthrough et_flex_column_24_24 et_flex_column_24_24_tablet et_flex_column_24_24_phone\">\n<div class=\"et_pb_text_2 et_pb_text et_pb_bg_layout_light et_pb_module et_block_module custom-list\"><div class=\"et_pb_text_inner\"><p>Referenzprojekte<\/p>\n<\/div><\/div>\n<\/div>\n<\/div>\n\n<div class=\"et_pb_row_4 et_pb_row et_flex_row\">\n<div class=\"et_pb_column_5 et_pb_column et-last-child et_block_column et_pb_css_mix_blend_mode_passthrough et_flex_column_24_24 et_flex_column_24_24_tablet et_flex_column_24_24_phone\">\n<div class=\"et_pb_text_3 et_pb_text et_pb_bg_layout_light et_pb_module et_block_module title\"><div class=\"et_pb_text_inner\"><h2>Weitere Referenzprojekte<\/h2>\n<\/div><\/div>\n<\/div>\n<\/div>\n\n<div class=\"et_pb_row_5 et_pb_row et_flex_row row_projects\"><div class=\"et_pb_column_6 et_pb_column et_flex_column et_pb_css_mix_blend_mode_passthrough et_flex_column_12_24 et_flex_column_12_24_tablet et_flex_column_12_24_phone\" data-loop-item=\"0\">\n<div class=\"et_pb_group_0 et_pb_group et-last-child et_pb_module et_pb_css_mix_blend_mode_passthrough et_clickable\">\n<div class=\"et_pb_image_0 et_pb_image et_pb_module et_flex_module\"><span class=\"et_pb_image_wrap\"><img loading=\"lazy\" decoding=\"async\" src=\"https:\/\/vistonia.ch\/wp-content\/uploads\/2026\/04\/Sensler-Sport-und-Freizeitbad-Plaffeien-1-1-1024x683.jpg\" alt=\"sensler sport und freizeitbad plaffeien 1\" title=\"sensler sport und freizeitbad plaffeien 1\" width=\"1024\" height=\"683\" srcset=\"https:\/\/vistonia.ch\/wp-content\/uploads\/2026\/04\/Sensler-Sport-und-Freizeitbad-Plaffeien-1-1-980x653.jpg 980w, https:\/\/vistonia.ch\/wp-content\/uploads\/2026\/04\/Sensler-Sport-und-Freizeitbad-Plaffeien-1-1-480x320.jpg 480w\" sizes=\"(min-width: 0px) and (max-width: 480px) 480px, (min-width: 481px) and (max-width: 980px) 980px, (min-width: 981px) 1024px, 100vw\" class=\"wp-image-1290\" \/><\/span><\/div>\n\n<div class=\"et_pb_heading_0 et_pb_heading et_pb_module et_flex_module\"><div class=\"et_pb_heading_container\"><h3 class=\"et_pb_module_header\">Sport- und Freizeitbad Sense<\/h3><\/div><\/div>\n\n<div class=\"et_pb_text_4 et_pb_text et_pb_bg_layout_light et_pb_module et_flex_module\"><div class=\"et_pb_text_inner\"><p>Durchf\u00fchrung eines parallelen Planungsauftrags, Projektentwicklung sowie Erarbeitung des Finanzierungs- und Betriebskonzepts<\/p>\n<\/div><\/div>\n<\/div>\n<\/div><div class=\"et_pb_column_7 et_pb_column et-last-child et_flex_column et_pb_css_mix_blend_mode_passthrough et_flex_column_12_24 et_flex_column_12_24_tablet et_flex_column_12_24_phone\" data-loop-item=\"1\">\n<div class=\"et_pb_group_1 et_pb_group et-last-child et_pb_module et_pb_css_mix_blend_mode_passthrough et_clickable\">\n<div class=\"et_pb_image_1 et_pb_image et_pb_module et_flex_module\"><span class=\"et_pb_image_wrap\"><img loading=\"lazy\" decoding=\"async\" src=\"https:\/\/vistonia.ch\/wp-content\/uploads\/2026\/03\/b6b76b_62a9626062e049eb8b5e9dd5384da37bmv2-1024x818.png\" width=\"1024\" height=\"818\" srcset=\"https:\/\/vistonia.ch\/wp-content\/uploads\/2026\/03\/b6b76b_62a9626062e049eb8b5e9dd5384da37bmv2-1024x818.png 1024w, https:\/\/vistonia.ch\/wp-content\/uploads\/2026\/03\/b6b76b_62a9626062e049eb8b5e9dd5384da37bmv2-980x783.png 980w, https:\/\/vistonia.ch\/wp-content\/uploads\/2026\/03\/b6b76b_62a9626062e049eb8b5e9dd5384da37bmv2-480x384.png 480w\" sizes=\"(min-width: 0px) and (max-width: 480px) 480px, (min-width: 481px) and (max-width: 980px) 980px, (min-width: 981px) 1024px, 100vw\" class=\"wp-image-497\" alt=\"B6b76b 62a9626062e049eb8b5e9dd5384da37bmv2 1024x818\" title=\"Entwicklung Berufsbildungszentrum Kanton Freiburg\"><\/span><\/div>\n\n<div class=\"et_pb_heading_1 et_pb_heading et_pb_module et_flex_module\"><div class=\"et_pb_heading_container\"><h3 class=\"et_pb_module_header\">Detaillierte Potentialanalyse als Grundlage f\u00fcr einen Grundst\u00fcckkauf in Gorgier-St-Aubin, NE<\/h3><\/div><\/div>\n\n<div class=\"et_pb_text_5 et_pb_text et_pb_bg_layout_light et_pb_module et_flex_module\"><div class=\"et_pb_text_inner\"><p>Migros-Genossenschafts-Bund<\/p>\n<\/div><\/div>\n<\/div>\n<\/div><\/div>\n\n<div class=\"et_pb_row_6 et_pb_row et_block_row\">\n<div class=\"et_pb_column_8 et_pb_column et_pb_column_4_4 et-last-child et_flex_column et_pb_css_mix_blend_mode_passthrough\">\n<div class=\"et_pb_module et_pb_button_module_wrapper et_pb_button_0_wrapper\"><a class=\"et_pb_button_0 et_pb_button et_pb_bg_layout_light et_pb_module et_block_module\" href=\"https:\/\/vistonia.ch\/projets\/\">Zur\u00fcck zu den Projekten<\/a><\/div>\n<\/div>\n<\/div>\n<\/div>","protected":false},"excerpt":{"rendered":"<p>Vereinigung des kantonalen Berufsbildungszentrums<\/p>\n","protected":false},"author":1,"featured_media":913,"comment_status":"open","ping_status":"closed","template":"","meta":{"footnotes":""},"project_category":[],"project_tag":[],"class_list":["post-915","project","type-project","status-publish","has-post-thumbnail","hentry"],"_links":{"self":[{"href":"https:\/\/vistonia.ch\/de\/wp-json\/wp\/v2\/project\/915","targetHints":{"allow":["GET"]}}],"collection":[{"href":"https:\/\/vistonia.ch\/de\/wp-json\/wp\/v2\/project"}],"about":[{"href":"https:\/\/vistonia.ch\/de\/wp-json\/wp\/v2\/types\/project"}],"author":[{"embeddable":true,"href":"https:\/\/vistonia.ch\/de\/wp-json\/wp\/v2\/users\/1"}],"replies":[{"embeddable":true,"href":"https:\/\/vistonia.ch\/de\/wp-json\/wp\/v2\/comments?post=915"}],"version-history":[{"count":4,"href":"https:\/\/vistonia.ch\/de\/wp-json\/wp\/v2\/project\/915\/revisions"}],"predecessor-version":[{"id":919,"href":"https:\/\/vistonia.ch\/de\/wp-json\/wp\/v2\/project\/915\/revisions\/919"}],"wp:featuredmedia":[{"embeddable":true,"href":"https:\/\/vistonia.ch\/de\/wp-json\/wp\/v2\/media\/913"}],"wp:attachment":[{"href":"https:\/\/vistonia.ch\/de\/wp-json\/wp\/v2\/media?parent=915"}],"wp:term":[{"taxonomy":"project_category","embeddable":true,"href":"https:\/\/vistonia.ch\/de\/wp-json\/wp\/v2\/project_category?post=915"},{"taxonomy":"project_tag","embeddable":true,"href":"https:\/\/vistonia.ch\/de\/wp-json\/wp\/v2\/project_tag?post=915"}],"curies":[{"name":"wp","href":"https:\/\/api.w.org\/{rel}","templated":true}]}}

<div class="et_pb_section_0 et_pb_section et_section_regular et_block_section"></div>

<div class="et_pb_section_1 et_pb_section et_section_regular et_block_section" id="qui-sommes-nous">
<div class="et_pb_row_0 et_pb_row et_block_row">
<div class="et_pb_column_0 et_pb_column et_pb_column_4_4 et-last-child et_block_column et_pb_css_mix_blend_mode_passthrough">
<div class="et_pb_text_0 et_pb_text et_pb_bg_layout_light et_pb_module et_block_module custom-list"><div class="et_pb_text_inner"><p>Referenzprojekt</p>
</div></div>
</div>
</div>

<div class="et_pb_row_1 et_pb_row et_flex_row">
<div class="et_pb_column_1 et_pb_column et_block_column et_pb_css_mix_blend_mode_passthrough et_flex_column_2_5 et_flex_column_2_5_tablet et_flex_column_24_24_phone">
<div class="et_pb_post_title_0 et_pb_post_title et_pb_bg_layout_light et_pb_module et_block_module"><div class="et_pb_title_container"><h1 class="entry-title">Entwicklung Berufsbildungszentrum Kanton Freiburg</h1></div></div>
</div>

<div class="et_pb_column_2 et_pb_column et-last-child et_block_column et_pb_css_mix_blend_mode_passthrough et_flex_column_3_5 et_flex_column_3_5_tablet et_flex_column_24_24_phone">
<div class="et_pb_text_1 et_pb_text et_pb_bg_layout_light et_pb_module et_block_module text-cv"><div class="et_pb_text_inner"><p>Das Kantonale Berufsbildungszentrums (ACPC) hat das Ziel, die Finanzierung der Berufsbildung im Kanton Freiburg zu unterstützen. Trägerschaft ist Staat Freiburg, die Gemeinden des Kantons sowie die Arbeitnehmerorganisationen. Der ACPC unterstützt die Entwicklung der Berufsausbildung durch den Bau, die Instandhaltung und den Betrieb von Berufsausbildungseinrichtungen. Um den Bedarf an Schulungs- und Unterrichtsräumen zu decken, hat der ACPC verschiedene Projekte gestartet. Ein erstes Mandat wurde 2019 an Vistonia SA vergeben, um den ACPC bei der Umsetzung der Immobilienstrategie und seines Finanzplans sowie bei der Koordination dieser verschiedenen Projekte zu unterstützen.</p>
<p><strong>Auftraggeber</strong></p>
<p>Vereinigung des kantonalen Berufsbildungszentrums</p>
<p><strong>Ziel</strong></p>
<ul>
<li>Entwicklung des Raumangebotes zur Sicherstellung der langfristigen Lehrlingsausbildung</li>
</ul>
<p><strong>Dienstleistungen Vistonia</strong></p>
<ul>
<li>Begleitung Bauherr in Entwicklung eines kantonalen Berufsbildungszentrums</li>
<li>Prozesssteuerung von Architekturwettbewerb/Studienauftrag bis Realisierungsbeginn</li>
<li>Begleitung Bauherr in Realisierungsphase</li>
</ul>
<p><strong>Nutzung</strong></p>
<ul>
<li>Ausbildung</li>
</ul>
<p><strong>Kennzahlen</strong></p>
<ul>
<li>ca. 65'000 m² NGF</li>
<li>ca. CHF 170 Mio.</li>
</ul>
</div></div>
</div>
</div>
</div>

<div class="et_pb_section_2 et_pb_section et_section_regular et_flex_section">
<div class="et_pb_row_2 et_pb_row et-vb-row--no-module et_block_row">
<div class="et_pb_column_3 et_pb_column et_pb_column_4_4 et-last-child et_flex_column et_pb_column_empty et_pb_css_mix_blend_mode_passthrough"></div>
</div>
</div>

<div class="et_pb_section_3 et_pb_section et_section_regular et_block_section">
<div class="et_pb_row_3 et_pb_row et_flex_row">
<div class="et_pb_column_4 et_pb_column et-last-child et_block_column et_pb_css_mix_blend_mode_passthrough et_flex_column_24_24 et_flex_column_24_24_tablet et_flex_column_24_24_phone">
<div class="et_pb_text_2 et_pb_text et_pb_bg_layout_light et_pb_module et_block_module custom-list"><div class="et_pb_text_inner"><p>Referenzprojekte</p>
</div></div>
</div>
</div>

<div class="et_pb_row_4 et_pb_row et_flex_row">
<div class="et_pb_column_5 et_pb_column et-last-child et_block_column et_pb_css_mix_blend_mode_passthrough et_flex_column_24_24 et_flex_column_24_24_tablet et_flex_column_24_24_phone">
<div class="et_pb_text_3 et_pb_text et_pb_bg_layout_light et_pb_module et_block_module title"><div class="et_pb_text_inner"><h2>Weitere Referenzprojekte</h2>
</div></div>
</div>
</div>

<div class="et_pb_row_5 et_pb_row et_flex_row row_projects"><div class="et_pb_column_6 et_pb_column et_flex_column et_pb_css_mix_blend_mode_passthrough et_flex_column_12_24 et_flex_column_12_24_tablet et_flex_column_12_24_phone" data-loop-item="0">
<div class="et_pb_group_0 et_pb_group et-last-child et_pb_module et_pb_css_mix_blend_mode_passthrough et_clickable">
<div class="et_pb_image_0 et_pb_image et_pb_module et_flex_module"><span class="et_pb_image_wrap"><img loading="lazy" decoding="async" src="https://vistonia.ch/wp-content/uploads/2026/04/Sensler-Sport-und-Freizeitbad-Plaffeien-1-1-1024x683.jpg" alt="sensler sport und freizeitbad plaffeien 1" title="sensler sport und freizeitbad plaffeien 1" width="1024" height="683" srcset="https://vistonia.ch/wp-content/uploads/2026/04/Sensler-Sport-und-Freizeitbad-Plaffeien-1-1-980x653.jpg 980w, https://vistonia.ch/wp-content/uploads/2026/04/Sensler-Sport-und-Freizeitbad-Plaffeien-1-1-480x320.jpg 480w" sizes="(min-width: 0px) and (max-width: 480px) 480px, (min-width: 481px) and (max-width: 980px) 980px, (min-width: 981px) 1024px, 100vw" class="wp-image-1290" /></span></div>

<div class="et_pb_heading_0 et_pb_heading et_pb_module et_flex_module"><div class="et_pb_heading_container"><h3 class="et_pb_module_header">Sport- und Freizeitbad Sense</h3></div></div>

<div class="et_pb_text_4 et_pb_text et_pb_bg_layout_light et_pb_module et_flex_module"><div class="et_pb_text_inner"><p>Durchführung eines parallelen Planungsauftrags, Projektentwicklung sowie Erarbeitung des Finanzierungs- und Betriebskonzepts</p>
</div></div>
</div>
</div><div class="et_pb_column_7 et_pb_column et-last-child et_flex_column et_pb_css_mix_blend_mode_passthrough et_flex_column_12_24 et_flex_column_12_24_tablet et_flex_column_12_24_phone" data-loop-item="1">
<div class="et_pb_group_1 et_pb_group et-last-child et_pb_module et_pb_css_mix_blend_mode_passthrough et_clickable">
<div class="et_pb_image_1 et_pb_image et_pb_module et_flex_module"><span class="et_pb_image_wrap"><img loading="lazy" decoding="async" src="https://vistonia.ch/wp-content/uploads/2026/03/b6b76b_62a9626062e049eb8b5e9dd5384da37bmv2-1024x818.png" width="1024" height="818" srcset="https://vistonia.ch/wp-content/uploads/2026/03/b6b76b_62a9626062e049eb8b5e9dd5384da37bmv2-1024x818.png 1024w, https://vistonia.ch/wp-content/uploads/2026/03/b6b76b_62a9626062e049eb8b5e9dd5384da37bmv2-980x783.png 980w, https://vistonia.ch/wp-content/uploads/2026/03/b6b76b_62a9626062e049eb8b5e9dd5384da37bmv2-480x384.png 480w" sizes="(min-width: 0px) and (max-width: 480px) 480px, (min-width: 481px) and (max-width: 980px) 980px, (min-width: 981px) 1024px, 100vw" class="wp-image-497" alt="B6b76b 62a9626062e049eb8b5e9dd5384da37bmv2 1024x818" title="Entwicklung Berufsbildungszentrum Kanton Freiburg"></span></div>

<div class="et_pb_heading_1 et_pb_heading et_pb_module et_flex_module"><div class="et_pb_heading_container"><h3 class="et_pb_module_header">Detaillierte Potentialanalyse als Grundlage für einen Grundstückkauf in Gorgier-St-Aubin, NE</h3></div></div>

<div class="et_pb_text_5 et_pb_text et_pb_bg_layout_light et_pb_module et_flex_module"><div class="et_pb_text_inner"><p>Migros-Genossenschafts-Bund</p>
</div></div>
</div>
</div></div>

<div class="et_pb_row_6 et_pb_row et_block_row">
<div class="et_pb_column_8 et_pb_column et_pb_column_4_4 et-last-child et_flex_column et_pb_css_mix_blend_mode_passthrough">
<div class="et_pb_module et_pb_button_module_wrapper et_pb_button_0_wrapper"><a class="et_pb_button_0 et_pb_button et_pb_bg_layout_light et_pb_module et_block_module" href="https://vistonia.ch/projets/">Zurück zu den Projekten</a></div>
</div>
</div>
</div>
