{"id":885,"date":"2026-03-26T12:05:47","date_gmt":"2026-03-26T11:05:47","guid":{"rendered":"https:\/\/vistonia.ch\/project\/revitalisation-et-transformation-dun-batiment-agricole-en-espace-polyvalent-poiseux-fr\/"},"modified":"2026-03-29T06:58:32","modified_gmt":"2026-03-29T04:58:32","slug":"revitalisation-et-transformation-dun-batiment-agricole-en-espace-polyvalent-poiseux-fr","status":"publish","type":"project","link":"https:\/\/vistonia.ch\/de\/revitalisierung-und-transformation-eines-landwirtschaftsgebaudes-in-ein-landwirtschaftszentrum-posieux-fr\/","title":{"rendered":"Revitalisierung und Transformation eines Landwirtschaftsgeb\u00e4udes in ein Landwirtschaftszentrum, Posieux FR"},"content":{"rendered":"<div class=\"et_pb_section_0 et_pb_section et_section_regular et_block_section\"><\/div>\n\n<div class=\"et_pb_section_1 et_pb_section et_section_regular et_block_section\" id=\"qui-sommes-nous\">\n<div class=\"et_pb_row_0 et_pb_row et_block_row\">\n<div class=\"et_pb_column_0 et_pb_column et_pb_column_4_4 et-last-child et_block_column et_pb_css_mix_blend_mode_passthrough\">\n<div class=\"et_pb_text_0 et_pb_text et_pb_bg_layout_light et_pb_module et_block_module custom-list\"><div class=\"et_pb_text_inner\"><p>Referenzprojekt<\/p>\n<\/div><\/div>\n<\/div>\n<\/div>\n\n<div class=\"et_pb_row_1 et_pb_row et_flex_row\">\n<div class=\"et_pb_column_1 et_pb_column et_block_column et_pb_css_mix_blend_mode_passthrough et_flex_column_2_5 et_flex_column_2_5_tablet et_flex_column_24_24_phone\">\n<div class=\"et_pb_post_title_0 et_pb_post_title et_pb_bg_layout_light et_pb_module et_block_module\"><div class=\"et_pb_title_container\"><h1 class=\"entry-title\">Revitalisierung und Transformation eines Landwirtschaftsgeb\u00e4udes in ein Landwirtschaftszentrum, Posieux FR<\/h1><\/div><\/div>\n<\/div>\n\n<div class=\"et_pb_column_2 et_pb_column et-last-child et_block_column et_pb_css_mix_blend_mode_passthrough et_flex_column_3_5 et_flex_column_3_5_tablet et_flex_column_24_24_phone\">\n<div class=\"et_pb_text_1 et_pb_text et_pb_bg_layout_light et_pb_module et_block_module text-cv\"><div class=\"et_pb_text_inner\"><p>Ein denkmalgesch\u00fctztes Landwirtschaftsgeb\u00e4ude des Instituts Agricole de Grangeneuve soll behutsam revitalisiert werden. Und so zuk\u00fcnftig dem Institut als Schauk\u00e4serei und Showroom \u2013 Laden f\u00fcr im Kanton Freiburg landwirtschaftlich produzierte Delikatessen dienen.<\/p>\n<p><strong>Auftraggeber<\/strong><\/p>\n<ul>\n<li>Institut Agricole de Grangeneuve (IAG)<\/li>\n<\/ul>\n<p><strong>Ziele<\/strong><\/p>\n<ul>\n<li>Ein Landwirtschaftszentrum mit Schauk\u00e4serei, Bistro, Laden f\u00fcr lokale Landwirtschaftsprodukte und Eventhalle<\/li>\n<li>Respektvoller Umgang in der Verkn\u00fcpfung modernster Betriebsanlagen und gewinnender Innenarchitektur mit einem bauhistorischen Denkmal<\/li>\n<\/ul>\n<p><strong>Dienstleistungen Vistonia<\/strong><\/p>\n<ul>\n<li>Bauherren- und Nutzervertretung in den Phasen Bedarfsanalyse, Nutzungskonzept und Entwicklungsstrategie<\/li>\n<\/ul>\n<p><strong>Nutzung<\/strong><\/p>\n<ul>\n<li>Transformation eines Lagergeb\u00e4udes in ein Landwirtschaftszentrum<\/li>\n<\/ul>\n<p>\u200b<strong>Kennzahlen<\/strong><\/p>\n<ul>\n<li>ca. 1\u2019200 m\u00b2 GF<\/li>\n<\/ul>\n<\/div><\/div>\n<\/div>\n<\/div>\n<\/div>\n\n<div class=\"et_pb_section_2 et_pb_section et_section_regular et_flex_section\">\n<div class=\"et_pb_row_2 et_pb_row et_flex_row\">\n<div class=\"et_pb_column_3 et_pb_column et-last-child et_block_column et_pb_css_mix_blend_mode_passthrough et_flex_column_24_24\">\n<div class=\"et_pb_text_2 et_pb_text et_pb_bg_layout_light et_pb_module et_block_module custom-list\"><div class=\"et_pb_text_inner\"><p>Kundenstimme<\/p>\n<\/div><\/div>\n\n<div class=\"et_pb_text_3 et_pb_text et_pb_bg_layout_light et_pb_module et_block_module text-citation\"><div class=\"et_pb_text_inner\"><p>\u00abWir hatten klaren Bedarf an Unterst\u00fctzung innerhalb der Projektphase. Einerseits innerhalb der konkreten Bed\u00fcrfnisermittlung, um eventuelle zuk\u00fcnftige Konflikte zwischen den unterschiedlichen Nutzungen im Vorfeld zu identifizieren. Andererseits auch um alle technischen Aspekte des Projekts zu durchleuchten. Vistonia AG zeigte vom Start an grosses Interesse am Projekt und konnte sich mich Fachwissen und Erfahrung betreffend den spezifischen Anforderungen des Landwirtschaftlichen Instituts als Partner mit Mehrwert ins Projekt einbringen.\u00bb<\/p>\n<\/div><\/div>\n\n<div class=\"et_pb_text_4 et_pb_text et_pb_bg_layout_light et_pb_module et_block_module\"><div class=\"et_pb_text_inner\"><p>Pascal Toffel, Direktor des Landwirtschaftlichen Instituts Grangeneuve<\/p>\n<\/div><\/div>\n<\/div>\n<\/div>\n<\/div>\n\n<div class=\"et_pb_section_3 et_pb_section et_section_regular et_block_section\">\n<div class=\"et_pb_row_3 et_pb_row et_flex_row\">\n<div class=\"et_pb_column_4 et_pb_column et-last-child et_block_column et_pb_css_mix_blend_mode_passthrough et_flex_column_24_24 et_flex_column_24_24_tablet et_flex_column_24_24_phone\">\n<div class=\"et_pb_text_5 et_pb_text et_pb_bg_layout_light et_pb_module et_block_module custom-list\"><div class=\"et_pb_text_inner\"><p>Referenzprojekte<\/p>\n<\/div><\/div>\n<\/div>\n<\/div>\n\n<div class=\"et_pb_row_4 et_pb_row et_flex_row\">\n<div class=\"et_pb_column_5 et_pb_column et-last-child et_block_column et_pb_css_mix_blend_mode_passthrough et_flex_column_24_24 et_flex_column_24_24_tablet et_flex_column_24_24_phone\">\n<div class=\"et_pb_text_6 et_pb_text et_pb_bg_layout_light et_pb_module et_block_module title\"><div class=\"et_pb_text_inner\"><h2>Weitere Referenzprojekte<\/h2>\n<\/div><\/div>\n<\/div>\n<\/div>\n\n<div class=\"et_pb_row_5 et_pb_row et_flex_row row_projects\"><div class=\"et_pb_column_6 et_pb_column et_flex_column et_pb_css_mix_blend_mode_passthrough et_flex_column_12_24 et_flex_column_12_24_tablet et_flex_column_12_24_phone\" data-loop-item=\"0\">\n<div class=\"et_pb_group_0 et_pb_group et-last-child et_pb_module et_pb_css_mix_blend_mode_passthrough et_clickable\">\n<div class=\"et_pb_image_0 et_pb_image et_pb_module et_flex_module\"><span class=\"et_pb_image_wrap\"><img loading=\"lazy\" decoding=\"async\" src=\"https:\/\/vistonia.ch\/wp-content\/uploads\/2026\/03\/b6b76b_7504530043ff4838adbf7dfed7191b5dmv2-1024x444.jpg\" width=\"1024\" height=\"444\" srcset=\"https:\/\/vistonia.ch\/wp-content\/uploads\/2026\/03\/b6b76b_7504530043ff4838adbf7dfed7191b5dmv2-980x425.jpg 980w, https:\/\/vistonia.ch\/wp-content\/uploads\/2026\/03\/b6b76b_7504530043ff4838adbf7dfed7191b5dmv2-480x208.jpg 480w\" sizes=\"(min-width: 0px) and (max-width: 480px) 480px, (min-width: 481px) and (max-width: 980px) 980px, (min-width: 981px) 1024px, 100vw\" class=\"wp-image-484\" alt=\"B6b76b 7504530043ff4838adbf7dfed7191b5dmv2 1024x444\" title=\"Revitalisierung und Transformation eines Landwirtschaftsgeb\u00e4udes in ein Landwirtschaftszentrum, Posieux FR\"><\/span><\/div>\n\n<div class=\"et_pb_heading_0 et_pb_heading et_pb_module et_flex_module\"><div class=\"et_pb_heading_container\"><h3 class=\"et_pb_module_header\">Entwicklung Berufsbildungszentrum Kanton Freiburg<\/h3><\/div><\/div>\n\n<div class=\"et_pb_text_7 et_pb_text et_pb_bg_layout_light et_pb_module et_flex_module\"><div class=\"et_pb_text_inner\"><p>Vereinigung des kantonalen Berufsbildungszentrums<\/p>\n<\/div><\/div>\n<\/div>\n<\/div><div class=\"et_pb_column_7 et_pb_column et-last-child et_flex_column et_pb_css_mix_blend_mode_passthrough et_flex_column_12_24 et_flex_column_12_24_tablet et_flex_column_12_24_phone\" data-loop-item=\"1\">\n<div class=\"et_pb_group_1 et_pb_group et-last-child et_pb_module et_pb_css_mix_blend_mode_passthrough et_clickable\">\n<div class=\"et_pb_image_1 et_pb_image et_pb_module et_flex_module\"><span class=\"et_pb_image_wrap\"><img loading=\"lazy\" decoding=\"async\" src=\"https:\/\/vistonia.ch\/wp-content\/uploads\/2026\/03\/b6b76b_e70c842eade5464daed027af6c70da90mv2.png\" width=\"703\" height=\"399\" srcset=\"https:\/\/vistonia.ch\/wp-content\/uploads\/2026\/03\/b6b76b_e70c842eade5464daed027af6c70da90mv2.png 703w, https:\/\/vistonia.ch\/wp-content\/uploads\/2026\/03\/b6b76b_e70c842eade5464daed027af6c70da90mv2-480x272.png 480w\" sizes=\"(min-width: 0px) and (max-width: 480px) 480px, (min-width: 481px) 703px, 100vw\" class=\"wp-image-515\" alt=\"B6b76b E70c842eade5464daed027af6c70da90mv2\" title=\"Revitalisierung und Transformation eines Landwirtschaftsgeb\u00e4udes in ein Landwirtschaftszentrum, Posieux FR\"><\/span><\/div>\n\n<div class=\"et_pb_heading_1 et_pb_heading et_pb_module et_flex_module\"><div class=\"et_pb_heading_container\"><h3 class=\"et_pb_module_header\">Stadt Grenchen, Marktplatz, Machbarkeitsstudie Stadtreparatur Baul\u00fccke Marktplatz<\/h3><\/div><\/div>\n\n<div class=\"et_pb_text_8 et_pb_text et_pb_bg_layout_light et_pb_module et_flex_module\"><div class=\"et_pb_text_inner\"><p>Stadt Grenchen<\/p>\n<\/div><\/div>\n<\/div>\n<\/div><\/div>\n\n<div class=\"et_pb_row_6 et_pb_row et_block_row\">\n<div class=\"et_pb_column_8 et_pb_column et_pb_column_4_4 et-last-child et_flex_column et_pb_css_mix_blend_mode_passthrough\">\n<div class=\"et_pb_module et_pb_button_module_wrapper et_pb_button_0_wrapper\"><a class=\"et_pb_button_0 et_pb_button et_pb_bg_layout_light et_pb_module et_block_module\" href=\"https:\/\/vistonia.ch\/projets\/\">Zur\u00fcck zu den Projekten<\/a><\/div>\n<\/div>\n<\/div>\n<\/div>","protected":false},"excerpt":{"rendered":"<p>Institut Agricole de Grangeneuve (IAG)<\/p>\n","protected":false},"author":1,"featured_media":883,"comment_status":"open","ping_status":"closed","template":"","meta":{"footnotes":""},"project_category":[],"project_tag":[],"class_list":["post-885","project","type-project","status-publish","has-post-thumbnail","hentry"],"_links":{"self":[{"href":"https:\/\/vistonia.ch\/de\/wp-json\/wp\/v2\/project\/885","targetHints":{"allow":["GET"]}}],"collection":[{"href":"https:\/\/vistonia.ch\/de\/wp-json\/wp\/v2\/project"}],"about":[{"href":"https:\/\/vistonia.ch\/de\/wp-json\/wp\/v2\/types\/project"}],"author":[{"embeddable":true,"href":"https:\/\/vistonia.ch\/de\/wp-json\/wp\/v2\/users\/1"}],"replies":[{"embeddable":true,"href":"https:\/\/vistonia.ch\/de\/wp-json\/wp\/v2\/comments?post=885"}],"version-history":[{"count":4,"href":"https:\/\/vistonia.ch\/de\/wp-json\/wp\/v2\/project\/885\/revisions"}],"predecessor-version":[{"id":889,"href":"https:\/\/vistonia.ch\/de\/wp-json\/wp\/v2\/project\/885\/revisions\/889"}],"wp:featuredmedia":[{"embeddable":true,"href":"https:\/\/vistonia.ch\/de\/wp-json\/wp\/v2\/media\/883"}],"wp:attachment":[{"href":"https:\/\/vistonia.ch\/de\/wp-json\/wp\/v2\/media?parent=885"}],"wp:term":[{"taxonomy":"project_category","embeddable":true,"href":"https:\/\/vistonia.ch\/de\/wp-json\/wp\/v2\/project_category?post=885"},{"taxonomy":"project_tag","embeddable":true,"href":"https:\/\/vistonia.ch\/de\/wp-json\/wp\/v2\/project_tag?post=885"}],"curies":[{"name":"wp","href":"https:\/\/api.w.org\/{rel}","templated":true}]}}

Revitalisierung und Transformation eines Landwirtschaftsgebäudes in ein Landwirtschaftszentrum, Posieux FR

<div class="et_pb_section_0 et_pb_section et_section_regular et_block_section"></div>

<div class="et_pb_section_1 et_pb_section et_section_regular et_block_section" id="qui-sommes-nous">
<div class="et_pb_row_0 et_pb_row et_block_row">
<div class="et_pb_column_0 et_pb_column et_pb_column_4_4 et-last-child et_block_column et_pb_css_mix_blend_mode_passthrough">
<div class="et_pb_text_0 et_pb_text et_pb_bg_layout_light et_pb_module et_block_module custom-list"><div class="et_pb_text_inner"><p>Referenzprojekt</p>
</div></div>
</div>
</div>

<div class="et_pb_row_1 et_pb_row et_flex_row">
<div class="et_pb_column_1 et_pb_column et_block_column et_pb_css_mix_blend_mode_passthrough et_flex_column_2_5 et_flex_column_2_5_tablet et_flex_column_24_24_phone">
<div class="et_pb_post_title_0 et_pb_post_title et_pb_bg_layout_light et_pb_module et_block_module"><div class="et_pb_title_container"><h1 class="entry-title">Revitalisierung und Transformation eines Landwirtschaftsgebäudes in ein Landwirtschaftszentrum, Posieux FR</h1></div></div>
</div>

<div class="et_pb_column_2 et_pb_column et-last-child et_block_column et_pb_css_mix_blend_mode_passthrough et_flex_column_3_5 et_flex_column_3_5_tablet et_flex_column_24_24_phone">
<div class="et_pb_text_1 et_pb_text et_pb_bg_layout_light et_pb_module et_block_module text-cv"><div class="et_pb_text_inner"><p>Ein denkmalgeschütztes Landwirtschaftsgebäude des Instituts Agricole de Grangeneuve soll behutsam revitalisiert werden. Und so zukünftig dem Institut als Schaukäserei und Showroom – Laden für im Kanton Freiburg landwirtschaftlich produzierte Delikatessen dienen.</p>
<p><strong>Auftraggeber</strong></p>
<ul>
<li>Institut Agricole de Grangeneuve (IAG)</li>
</ul>
<p><strong>Ziele</strong></p>
<ul>
<li>Ein Landwirtschaftszentrum mit Schaukäserei, Bistro, Laden für lokale Landwirtschaftsprodukte und Eventhalle</li>
<li>Respektvoller Umgang in der Verknüpfung modernster Betriebsanlagen und gewinnender Innenarchitektur mit einem bauhistorischen Denkmal</li>
</ul>
<p><strong>Dienstleistungen Vistonia</strong></p>
<ul>
<li>Bauherren- und Nutzervertretung in den Phasen Bedarfsanalyse, Nutzungskonzept und Entwicklungsstrategie</li>
</ul>
<p><strong>Nutzung</strong></p>
<ul>
<li>Transformation eines Lagergebäudes in ein Landwirtschaftszentrum</li>
</ul>
<p>​<strong>Kennzahlen</strong></p>
<ul>
<li>ca. 1’200 m² GF</li>
</ul>
</div></div>
</div>
</div>
</div>

<div class="et_pb_section_2 et_pb_section et_section_regular et_flex_section">
<div class="et_pb_row_2 et_pb_row et_flex_row">
<div class="et_pb_column_3 et_pb_column et-last-child et_block_column et_pb_css_mix_blend_mode_passthrough et_flex_column_24_24">
<div class="et_pb_text_2 et_pb_text et_pb_bg_layout_light et_pb_module et_block_module custom-list"><div class="et_pb_text_inner"><p>Kundenstimme</p>
</div></div>

<div class="et_pb_text_3 et_pb_text et_pb_bg_layout_light et_pb_module et_block_module text-citation"><div class="et_pb_text_inner"><p>«Wir hatten klaren Bedarf an Unterstützung innerhalb der Projektphase. Einerseits innerhalb der konkreten Bedürfnisermittlung, um eventuelle zukünftige Konflikte zwischen den unterschiedlichen Nutzungen im Vorfeld zu identifizieren. Andererseits auch um alle technischen Aspekte des Projekts zu durchleuchten. Vistonia AG zeigte vom Start an grosses Interesse am Projekt und konnte sich mich Fachwissen und Erfahrung betreffend den spezifischen Anforderungen des Landwirtschaftlichen Instituts als Partner mit Mehrwert ins Projekt einbringen.»</p>
</div></div>

<div class="et_pb_text_4 et_pb_text et_pb_bg_layout_light et_pb_module et_block_module"><div class="et_pb_text_inner"><p>Pascal Toffel, Direktor des Landwirtschaftlichen Instituts Grangeneuve</p>
</div></div>
</div>
</div>
</div>

<div class="et_pb_section_3 et_pb_section et_section_regular et_block_section">
<div class="et_pb_row_3 et_pb_row et_flex_row">
<div class="et_pb_column_4 et_pb_column et-last-child et_block_column et_pb_css_mix_blend_mode_passthrough et_flex_column_24_24 et_flex_column_24_24_tablet et_flex_column_24_24_phone">
<div class="et_pb_text_5 et_pb_text et_pb_bg_layout_light et_pb_module et_block_module custom-list"><div class="et_pb_text_inner"><p>Referenzprojekte</p>
</div></div>
</div>
</div>

<div class="et_pb_row_4 et_pb_row et_flex_row">
<div class="et_pb_column_5 et_pb_column et-last-child et_block_column et_pb_css_mix_blend_mode_passthrough et_flex_column_24_24 et_flex_column_24_24_tablet et_flex_column_24_24_phone">
<div class="et_pb_text_6 et_pb_text et_pb_bg_layout_light et_pb_module et_block_module title"><div class="et_pb_text_inner"><h2>Weitere Referenzprojekte</h2>
</div></div>
</div>
</div>

<div class="et_pb_row_5 et_pb_row et_flex_row row_projects"><div class="et_pb_column_6 et_pb_column et_flex_column et_pb_css_mix_blend_mode_passthrough et_flex_column_12_24 et_flex_column_12_24_tablet et_flex_column_12_24_phone" data-loop-item="0">
<div class="et_pb_group_0 et_pb_group et-last-child et_pb_module et_pb_css_mix_blend_mode_passthrough et_clickable">
<div class="et_pb_image_0 et_pb_image et_pb_module et_flex_module"><span class="et_pb_image_wrap"><img loading="lazy" decoding="async" src="https://vistonia.ch/wp-content/uploads/2026/03/b6b76b_7504530043ff4838adbf7dfed7191b5dmv2-1024x444.jpg" width="1024" height="444" srcset="https://vistonia.ch/wp-content/uploads/2026/03/b6b76b_7504530043ff4838adbf7dfed7191b5dmv2-980x425.jpg 980w, https://vistonia.ch/wp-content/uploads/2026/03/b6b76b_7504530043ff4838adbf7dfed7191b5dmv2-480x208.jpg 480w" sizes="(min-width: 0px) and (max-width: 480px) 480px, (min-width: 481px) and (max-width: 980px) 980px, (min-width: 981px) 1024px, 100vw" class="wp-image-484" alt="B6b76b 7504530043ff4838adbf7dfed7191b5dmv2 1024x444" title="Revitalisierung und Transformation eines Landwirtschaftsgebäudes in ein Landwirtschaftszentrum, Posieux FR"></span></div>

<div class="et_pb_heading_0 et_pb_heading et_pb_module et_flex_module"><div class="et_pb_heading_container"><h3 class="et_pb_module_header">Entwicklung Berufsbildungszentrum Kanton Freiburg</h3></div></div>

<div class="et_pb_text_7 et_pb_text et_pb_bg_layout_light et_pb_module et_flex_module"><div class="et_pb_text_inner"><p>Vereinigung des kantonalen Berufsbildungszentrums</p>
</div></div>
</div>
</div><div class="et_pb_column_7 et_pb_column et-last-child et_flex_column et_pb_css_mix_blend_mode_passthrough et_flex_column_12_24 et_flex_column_12_24_tablet et_flex_column_12_24_phone" data-loop-item="1">
<div class="et_pb_group_1 et_pb_group et-last-child et_pb_module et_pb_css_mix_blend_mode_passthrough et_clickable">
<div class="et_pb_image_1 et_pb_image et_pb_module et_flex_module"><span class="et_pb_image_wrap"><img loading="lazy" decoding="async" src="https://vistonia.ch/wp-content/uploads/2026/03/b6b76b_e70c842eade5464daed027af6c70da90mv2.png" width="703" height="399" srcset="https://vistonia.ch/wp-content/uploads/2026/03/b6b76b_e70c842eade5464daed027af6c70da90mv2.png 703w, https://vistonia.ch/wp-content/uploads/2026/03/b6b76b_e70c842eade5464daed027af6c70da90mv2-480x272.png 480w" sizes="(min-width: 0px) and (max-width: 480px) 480px, (min-width: 481px) 703px, 100vw" class="wp-image-515" alt="B6b76b E70c842eade5464daed027af6c70da90mv2" title="Revitalisierung und Transformation eines Landwirtschaftsgebäudes in ein Landwirtschaftszentrum, Posieux FR"></span></div>

<div class="et_pb_heading_1 et_pb_heading et_pb_module et_flex_module"><div class="et_pb_heading_container"><h3 class="et_pb_module_header">Stadt Grenchen, Marktplatz, Machbarkeitsstudie Stadtreparatur Baulücke Marktplatz</h3></div></div>

<div class="et_pb_text_8 et_pb_text et_pb_bg_layout_light et_pb_module et_flex_module"><div class="et_pb_text_inner"><p>Stadt Grenchen</p>
</div></div>
</div>
</div></div>

<div class="et_pb_row_6 et_pb_row et_block_row">
<div class="et_pb_column_8 et_pb_column et_pb_column_4_4 et-last-child et_flex_column et_pb_css_mix_blend_mode_passthrough">
<div class="et_pb_module et_pb_button_module_wrapper et_pb_button_0_wrapper"><a class="et_pb_button_0 et_pb_button et_pb_bg_layout_light et_pb_module et_block_module" href="https://vistonia.ch/projets/">Zurück zu den Projekten</a></div>
</div>
</div>
</div>
