{"id":808,"date":"2026-03-26T08:38:29","date_gmt":"2026-03-26T07:38:29","guid":{"rendered":"https:\/\/vistonia.ch\/project\/developpement-site-industriel-a-effretikon-zh\/"},"modified":"2026-03-29T06:59:06","modified_gmt":"2026-03-29T04:59:06","slug":"developpement-site-industriel-a-effretikon-zh","status":"publish","type":"project","link":"https:\/\/vistonia.ch\/de\/industriearealentwicklung-effretikon-zh\/","title":{"rendered":"Industriearealentwicklung Effretikon ZH"},"content":{"rendered":"<div class=\"et_pb_section_0 et_pb_section et_section_regular et_block_section\"><\/div>\n\n<div class=\"et_pb_section_1 et_pb_section et_section_regular et_block_section\" id=\"qui-sommes-nous\">\n<div class=\"et_pb_row_0 et_pb_row et_block_row\">\n<div class=\"et_pb_column_0 et_pb_column et_pb_column_4_4 et-last-child et_block_column et_pb_css_mix_blend_mode_passthrough\">\n<div class=\"et_pb_text_0 et_pb_text et_pb_bg_layout_light et_pb_module et_block_module custom-list\"><div class=\"et_pb_text_inner\"><p>Referenzprojekte<\/p>\n<\/div><\/div>\n<\/div>\n<\/div>\n\n<div class=\"et_pb_row_1 et_pb_row et_flex_row\">\n<div class=\"et_pb_column_1 et_pb_column et_block_column et_pb_css_mix_blend_mode_passthrough et_flex_column_2_5 et_flex_column_2_5_tablet et_flex_column_24_24_phone\">\n<div class=\"et_pb_post_title_0 et_pb_post_title et_pb_bg_layout_light et_pb_module et_block_module\"><div class=\"et_pb_title_container\"><h1 class=\"entry-title\">Industriearealentwicklung Effretikon ZH<\/h1><\/div><\/div>\n<\/div>\n\n<div class=\"et_pb_column_2 et_pb_column et-last-child et_block_column et_pb_css_mix_blend_mode_passthrough et_flex_column_3_5 et_flex_column_3_5_tablet et_flex_column_24_24_phone\">\n<div class=\"et_pb_text_1 et_pb_text et_pb_bg_layout_light et_pb_module et_block_module text-cv\"><div class=\"et_pb_text_inner\"><p>Als Grundlage f\u00fcr die Verhandlungen mit der Verk\u00e4uferschaft musste im Auftrag der Investorin das Entwicklungspotential f\u00fcr ein Industrieareal im Dreieck Z\u00fcrich, Uster, Flughafen analysiert und gepr\u00fcft werden. In der vorgesehenen Erweiterungsphase begleitet Vistonia die Bauherrschaft als Entwicklungspartner.<\/p>\n<p><strong>Auftraggeberin<\/strong><\/p>\n<ul>\n<li>Tellco AG, Baar ZG<\/li>\n<\/ul>\n<p><strong>Ziel<\/strong><\/p>\n<ul>\n<li>Potentialanalyse als Entscheidungsgrundlage f\u00fcr Arealkauf<\/li>\n<\/ul>\n<p><strong>Dienstleistungen Vistonia<\/strong><\/p>\n<ul>\n<li>Zusammenf\u00fchrung Verk\u00e4uferschaft und Investorin<\/li>\n<li>Analyse bauliches Entwicklungspotential am Standort<\/li>\n<li>Unterst\u00fctzung der Investorin in der Due Diligence<\/li>\n<\/ul>\n<p><strong>Nutzung<\/strong><\/p>\n<ul>\n<li>Industrie<\/li>\n<li>Produktion<\/li>\n<\/ul>\n<p><strong>Kennzahlen<\/strong><\/p>\n<ul>\n<li>Grundst\u00fccksfl\u00e4che GSF 8\u2019650 m\u00b2<\/li>\n<li>Entwicklungspotential total ca. 70'000 m3 Bauvolumen, bzw. 20\u2018000 m\u00b2 GFo SIA 416<\/li>\n<\/ul>\n<\/div><\/div>\n<\/div>\n<\/div>\n<\/div>\n\n<div class=\"et_pb_section_2 et_pb_section et_section_regular et_flex_section\">\n<div class=\"et_pb_row_2 et_pb_row et_flex_row\">\n<div class=\"et_pb_column_3 et_pb_column et-last-child et_block_column et_pb_css_mix_blend_mode_passthrough et_flex_column_24_24\">\n<div class=\"et_pb_text_2 et_pb_text et_pb_bg_layout_light et_pb_module et_block_module custom-list\"><div class=\"et_pb_text_inner\"><p>Kundenstimme<\/p>\n<\/div><\/div>\n\n<div class=\"et_pb_text_3 et_pb_text et_pb_bg_layout_light et_pb_module et_block_module text-citation\"><div class=\"et_pb_text_inner\"><p>\u00abVistonia konnte mit ihrem Fachwissen und guten Gesp\u00fcr die Beziehung zwischen Verk\u00e4uferschaft und Tellco AG stark unterst\u00fctzen. Mit zielorientierten L\u00f6sungsans\u00e4tzen half Vistonia ausserdem, das zuk\u00fcnftige Potential der Liegenschaft aufzuzeigen. F\u00fcr Tellco AG war jeweils die proaktive Vorgehensweise von Vistonia sehr hilfreich. Die Zusammenarbeit gestaltete sich sehr unkompliziert und partnerschaftlich.\u00bb<\/p>\n<\/div><\/div>\n\n<div class=\"et_pb_text_4 et_pb_text et_pb_bg_layout_light et_pb_module et_block_module\"><div class=\"et_pb_text_inner\"><p>Murielle L\u00fcscher, Transaction Management Tellco AG<\/p>\n<\/div><\/div>\n<\/div>\n<\/div>\n<\/div>\n\n<div class=\"et_pb_section_3 et_pb_section et_section_regular et_block_section\">\n<div class=\"et_pb_row_3 et_pb_row et_flex_row\">\n<div class=\"et_pb_column_4 et_pb_column et-last-child et_block_column et_pb_css_mix_blend_mode_passthrough et_flex_column_24_24 et_flex_column_24_24_tablet et_flex_column_24_24_phone\">\n<div class=\"et_pb_text_5 et_pb_text et_pb_bg_layout_light et_pb_module et_block_module custom-list\"><div class=\"et_pb_text_inner\"><p>Referenzprojekte<\/p>\n<\/div><\/div>\n<\/div>\n<\/div>\n\n<div class=\"et_pb_row_4 et_pb_row et_flex_row\">\n<div class=\"et_pb_column_5 et_pb_column et-last-child et_block_column et_pb_css_mix_blend_mode_passthrough et_flex_column_24_24 et_flex_column_24_24_tablet et_flex_column_24_24_phone\">\n<div class=\"et_pb_text_6 et_pb_text et_pb_bg_layout_light et_pb_module et_block_module title\"><div class=\"et_pb_text_inner\"><h2>Weitere Projekte<\/h2>\n<\/div><\/div>\n<\/div>\n<\/div>\n\n<div class=\"et_pb_row_5 et_pb_row et_flex_row row_projects\"><div class=\"et_pb_column_6 et_pb_column et_flex_column et_pb_css_mix_blend_mode_passthrough et_flex_column_12_24 et_flex_column_12_24_tablet et_flex_column_12_24_phone\" data-loop-item=\"0\">\n<div class=\"et_pb_group_0 et_pb_group et-last-child et_pb_module et_pb_css_mix_blend_mode_passthrough et_clickable\">\n<div class=\"et_pb_image_0 et_pb_image et_pb_module et_flex_module\"><span class=\"et_pb_image_wrap\"><img loading=\"lazy\" decoding=\"async\" src=\"https:\/\/vistonia.ch\/wp-content\/uploads\/2026\/03\/b6b76b_1961707b4f874882a9cfe032e928e232mv2-1024x1022.png\" width=\"1024\" height=\"1022\" srcset=\"https:\/\/vistonia.ch\/wp-content\/uploads\/2026\/03\/b6b76b_1961707b4f874882a9cfe032e928e232mv2-1024x1022.png 1024w, https:\/\/vistonia.ch\/wp-content\/uploads\/2026\/03\/b6b76b_1961707b4f874882a9cfe032e928e232mv2-980x978.png 980w, https:\/\/vistonia.ch\/wp-content\/uploads\/2026\/03\/b6b76b_1961707b4f874882a9cfe032e928e232mv2-480x479.png 480w\" sizes=\"(min-width: 0px) and (max-width: 480px) 480px, (min-width: 481px) and (max-width: 980px) 980px, (min-width: 981px) 1024px, 100vw\" class=\"wp-image-501\" alt=\"B6b76b 1961707b4f874882a9cfe032e928e232mv2 1024x1022\" title=\"Industriearealentwicklung Effretikon ZH\"><\/span><\/div>\n\n<div class=\"et_pb_heading_0 et_pb_heading et_pb_module et_flex_module\"><div class=\"et_pb_heading_container\"><h3 class=\"et_pb_module_header\">Unterst\u00fctzung des Kantons Waadt bei einem \u00f6ffentlichen Ausschreibungsverfahren<\/h3><\/div><\/div>\n\n<div class=\"et_pb_text_7 et_pb_text et_pb_bg_layout_light et_pb_module et_flex_module\"><div class=\"et_pb_text_inner\"><p>Generaldirektion f\u00fcr Geb\u00e4ude und Kulturerbe (DGIP), VD<\/p>\n<\/div><\/div>\n<\/div>\n<\/div><div class=\"et_pb_column_7 et_pb_column et-last-child et_flex_column et_pb_css_mix_blend_mode_passthrough et_flex_column_12_24 et_flex_column_12_24_tablet et_flex_column_12_24_phone\" data-loop-item=\"1\">\n<div class=\"et_pb_group_1 et_pb_group et-last-child et_pb_module et_pb_css_mix_blend_mode_passthrough et_clickable\">\n<div class=\"et_pb_image_1 et_pb_image et_pb_module et_flex_module\"><span class=\"et_pb_image_wrap\"><img loading=\"lazy\" decoding=\"async\" src=\"https:\/\/vistonia.ch\/wp-content\/uploads\/2026\/03\/b6b76b_ffded286f008439ea4e8d8e30aa5c558mv2-1024x576.jpg\" width=\"1024\" height=\"576\" srcset=\"https:\/\/vistonia.ch\/wp-content\/uploads\/2026\/03\/b6b76b_ffded286f008439ea4e8d8e30aa5c558mv2-980x551.jpg 980w, https:\/\/vistonia.ch\/wp-content\/uploads\/2026\/03\/b6b76b_ffded286f008439ea4e8d8e30aa5c558mv2-480x270.jpg 480w\" sizes=\"(min-width: 0px) and (max-width: 480px) 480px, (min-width: 481px) and (max-width: 980px) 980px, (min-width: 981px) 1024px, 100vw\" class=\"wp-image-529\" alt=\"B6b76b Ffded286f008439ea4e8d8e30aa5c558mv2 1024x576\" title=\"Industriearealentwicklung Effretikon ZH\"><\/span><\/div>\n\n<div class=\"et_pb_heading_1 et_pb_heading et_pb_module et_flex_module\"><div class=\"et_pb_heading_container\"><h3 class=\"et_pb_module_header\">Neubau Berufsbildungszentrum Villaz-Saint-Pierre, Wettbewerb Kunst am Bau<\/h3><\/div><\/div>\n\n<div class=\"et_pb_text_8 et_pb_text et_pb_bg_layout_light et_pb_module et_flex_module\"><div class=\"et_pb_text_inner\"><p>Die Vereinigung des Kantonalen Berufsbildungszentrums (VKBZ) des Kantons Freiburg<\/p>\n<\/div><\/div>\n<\/div>\n<\/div><\/div>\n\n<div class=\"et_pb_row_6 et_pb_row et_block_row\">\n<div class=\"et_pb_column_8 et_pb_column et_pb_column_4_4 et-last-child et_flex_column et_pb_css_mix_blend_mode_passthrough\">\n<div class=\"et_pb_module et_pb_button_module_wrapper et_pb_button_0_wrapper\"><a class=\"et_pb_button_0 et_pb_button et_pb_bg_layout_light et_pb_module et_block_module\" href=\"https:\/\/vistonia.ch\/projets\/\">Zur\u00fcck zu den Projekten<\/a><\/div>\n<\/div>\n<\/div>\n<\/div>","protected":false},"excerpt":{"rendered":"<p>Tellco AG, Baar ZG<\/p>\n","protected":false},"author":1,"featured_media":806,"comment_status":"open","ping_status":"closed","template":"","meta":{"footnotes":""},"project_category":[],"project_tag":[],"class_list":["post-808","project","type-project","status-publish","has-post-thumbnail","hentry"],"_links":{"self":[{"href":"https:\/\/vistonia.ch\/de\/wp-json\/wp\/v2\/project\/808","targetHints":{"allow":["GET"]}}],"collection":[{"href":"https:\/\/vistonia.ch\/de\/wp-json\/wp\/v2\/project"}],"about":[{"href":"https:\/\/vistonia.ch\/de\/wp-json\/wp\/v2\/types\/project"}],"author":[{"embeddable":true,"href":"https:\/\/vistonia.ch\/de\/wp-json\/wp\/v2\/users\/1"}],"replies":[{"embeddable":true,"href":"https:\/\/vistonia.ch\/de\/wp-json\/wp\/v2\/comments?post=808"}],"version-history":[{"count":4,"href":"https:\/\/vistonia.ch\/de\/wp-json\/wp\/v2\/project\/808\/revisions"}],"predecessor-version":[{"id":890,"href":"https:\/\/vistonia.ch\/de\/wp-json\/wp\/v2\/project\/808\/revisions\/890"}],"wp:featuredmedia":[{"embeddable":true,"href":"https:\/\/vistonia.ch\/de\/wp-json\/wp\/v2\/media\/806"}],"wp:attachment":[{"href":"https:\/\/vistonia.ch\/de\/wp-json\/wp\/v2\/media?parent=808"}],"wp:term":[{"taxonomy":"project_category","embeddable":true,"href":"https:\/\/vistonia.ch\/de\/wp-json\/wp\/v2\/project_category?post=808"},{"taxonomy":"project_tag","embeddable":true,"href":"https:\/\/vistonia.ch\/de\/wp-json\/wp\/v2\/project_tag?post=808"}],"curies":[{"name":"wp","href":"https:\/\/api.w.org\/{rel}","templated":true}]}}

<div class="et_pb_section_0 et_pb_section et_section_regular et_block_section"></div>

<div class="et_pb_section_1 et_pb_section et_section_regular et_block_section" id="qui-sommes-nous">
<div class="et_pb_row_0 et_pb_row et_block_row">
<div class="et_pb_column_0 et_pb_column et_pb_column_4_4 et-last-child et_block_column et_pb_css_mix_blend_mode_passthrough">
<div class="et_pb_text_0 et_pb_text et_pb_bg_layout_light et_pb_module et_block_module custom-list"><div class="et_pb_text_inner"><p>Referenzprojekte</p>
</div></div>
</div>
</div>

<div class="et_pb_row_1 et_pb_row et_flex_row">
<div class="et_pb_column_1 et_pb_column et_block_column et_pb_css_mix_blend_mode_passthrough et_flex_column_2_5 et_flex_column_2_5_tablet et_flex_column_24_24_phone">
<div class="et_pb_post_title_0 et_pb_post_title et_pb_bg_layout_light et_pb_module et_block_module"><div class="et_pb_title_container"><h1 class="entry-title">Industriearealentwicklung Effretikon ZH</h1></div></div>
</div>

<div class="et_pb_column_2 et_pb_column et-last-child et_block_column et_pb_css_mix_blend_mode_passthrough et_flex_column_3_5 et_flex_column_3_5_tablet et_flex_column_24_24_phone">
<div class="et_pb_text_1 et_pb_text et_pb_bg_layout_light et_pb_module et_block_module text-cv"><div class="et_pb_text_inner"><p>Als Grundlage für die Verhandlungen mit der Verkäuferschaft musste im Auftrag der Investorin das Entwicklungspotential für ein Industrieareal im Dreieck Zürich, Uster, Flughafen analysiert und geprüft werden. In der vorgesehenen Erweiterungsphase begleitet Vistonia die Bauherrschaft als Entwicklungspartner.</p>
<p><strong>Auftraggeberin</strong></p>
<ul>
<li>Tellco AG, Baar ZG</li>
</ul>
<p><strong>Ziel</strong></p>
<ul>
<li>Potentialanalyse als Entscheidungsgrundlage für Arealkauf</li>
</ul>
<p><strong>Dienstleistungen Vistonia</strong></p>
<ul>
<li>Zusammenführung Verkäuferschaft und Investorin</li>
<li>Analyse bauliches Entwicklungspotential am Standort</li>
<li>Unterstützung der Investorin in der Due Diligence</li>
</ul>
<p><strong>Nutzung</strong></p>
<ul>
<li>Industrie</li>
<li>Produktion</li>
</ul>
<p><strong>Kennzahlen</strong></p>
<ul>
<li>Grundstücksfläche GSF 8’650 m²</li>
<li>Entwicklungspotential total ca. 70'000 m3 Bauvolumen, bzw. 20‘000 m² GFo SIA 416</li>
</ul>
</div></div>
</div>
</div>
</div>

<div class="et_pb_section_2 et_pb_section et_section_regular et_flex_section">
<div class="et_pb_row_2 et_pb_row et_flex_row">
<div class="et_pb_column_3 et_pb_column et-last-child et_block_column et_pb_css_mix_blend_mode_passthrough et_flex_column_24_24">
<div class="et_pb_text_2 et_pb_text et_pb_bg_layout_light et_pb_module et_block_module custom-list"><div class="et_pb_text_inner"><p>Kundenstimme</p>
</div></div>

<div class="et_pb_text_3 et_pb_text et_pb_bg_layout_light et_pb_module et_block_module text-citation"><div class="et_pb_text_inner"><p>«Vistonia konnte mit ihrem Fachwissen und guten Gespür die Beziehung zwischen Verkäuferschaft und Tellco AG stark unterstützen. Mit zielorientierten Lösungsansätzen half Vistonia ausserdem, das zukünftige Potential der Liegenschaft aufzuzeigen. Für Tellco AG war jeweils die proaktive Vorgehensweise von Vistonia sehr hilfreich. Die Zusammenarbeit gestaltete sich sehr unkompliziert und partnerschaftlich.»</p>
</div></div>

<div class="et_pb_text_4 et_pb_text et_pb_bg_layout_light et_pb_module et_block_module"><div class="et_pb_text_inner"><p>Murielle Lüscher, Transaction Management Tellco AG</p>
</div></div>
</div>
</div>
</div>

<div class="et_pb_section_3 et_pb_section et_section_regular et_block_section">
<div class="et_pb_row_3 et_pb_row et_flex_row">
<div class="et_pb_column_4 et_pb_column et-last-child et_block_column et_pb_css_mix_blend_mode_passthrough et_flex_column_24_24 et_flex_column_24_24_tablet et_flex_column_24_24_phone">
<div class="et_pb_text_5 et_pb_text et_pb_bg_layout_light et_pb_module et_block_module custom-list"><div class="et_pb_text_inner"><p>Referenzprojekte</p>
</div></div>
</div>
</div>

<div class="et_pb_row_4 et_pb_row et_flex_row">
<div class="et_pb_column_5 et_pb_column et-last-child et_block_column et_pb_css_mix_blend_mode_passthrough et_flex_column_24_24 et_flex_column_24_24_tablet et_flex_column_24_24_phone">
<div class="et_pb_text_6 et_pb_text et_pb_bg_layout_light et_pb_module et_block_module title"><div class="et_pb_text_inner"><h2>Weitere Projekte</h2>
</div></div>
</div>
</div>

<div class="et_pb_row_5 et_pb_row et_flex_row row_projects"><div class="et_pb_column_6 et_pb_column et_flex_column et_pb_css_mix_blend_mode_passthrough et_flex_column_12_24 et_flex_column_12_24_tablet et_flex_column_12_24_phone" data-loop-item="0">
<div class="et_pb_group_0 et_pb_group et-last-child et_pb_module et_pb_css_mix_blend_mode_passthrough et_clickable">
<div class="et_pb_image_0 et_pb_image et_pb_module et_flex_module"><span class="et_pb_image_wrap"><img loading="lazy" decoding="async" src="https://vistonia.ch/wp-content/uploads/2026/03/b6b76b_1961707b4f874882a9cfe032e928e232mv2-1024x1022.png" width="1024" height="1022" srcset="https://vistonia.ch/wp-content/uploads/2026/03/b6b76b_1961707b4f874882a9cfe032e928e232mv2-1024x1022.png 1024w, https://vistonia.ch/wp-content/uploads/2026/03/b6b76b_1961707b4f874882a9cfe032e928e232mv2-980x978.png 980w, https://vistonia.ch/wp-content/uploads/2026/03/b6b76b_1961707b4f874882a9cfe032e928e232mv2-480x479.png 480w" sizes="(min-width: 0px) and (max-width: 480px) 480px, (min-width: 481px) and (max-width: 980px) 980px, (min-width: 981px) 1024px, 100vw" class="wp-image-501" alt="B6b76b 1961707b4f874882a9cfe032e928e232mv2 1024x1022" title="Industriearealentwicklung Effretikon ZH"></span></div>

<div class="et_pb_heading_0 et_pb_heading et_pb_module et_flex_module"><div class="et_pb_heading_container"><h3 class="et_pb_module_header">Unterstützung des Kantons Waadt bei einem öffentlichen Ausschreibungsverfahren</h3></div></div>

<div class="et_pb_text_7 et_pb_text et_pb_bg_layout_light et_pb_module et_flex_module"><div class="et_pb_text_inner"><p>Generaldirektion für Gebäude und Kulturerbe (DGIP), VD</p>
</div></div>
</div>
</div><div class="et_pb_column_7 et_pb_column et-last-child et_flex_column et_pb_css_mix_blend_mode_passthrough et_flex_column_12_24 et_flex_column_12_24_tablet et_flex_column_12_24_phone" data-loop-item="1">
<div class="et_pb_group_1 et_pb_group et-last-child et_pb_module et_pb_css_mix_blend_mode_passthrough et_clickable">
<div class="et_pb_image_1 et_pb_image et_pb_module et_flex_module"><span class="et_pb_image_wrap"><img loading="lazy" decoding="async" src="https://vistonia.ch/wp-content/uploads/2026/03/b6b76b_ffded286f008439ea4e8d8e30aa5c558mv2-1024x576.jpg" width="1024" height="576" srcset="https://vistonia.ch/wp-content/uploads/2026/03/b6b76b_ffded286f008439ea4e8d8e30aa5c558mv2-980x551.jpg 980w, https://vistonia.ch/wp-content/uploads/2026/03/b6b76b_ffded286f008439ea4e8d8e30aa5c558mv2-480x270.jpg 480w" sizes="(min-width: 0px) and (max-width: 480px) 480px, (min-width: 481px) and (max-width: 980px) 980px, (min-width: 981px) 1024px, 100vw" class="wp-image-529" alt="B6b76b Ffded286f008439ea4e8d8e30aa5c558mv2 1024x576" title="Industriearealentwicklung Effretikon ZH"></span></div>

<div class="et_pb_heading_1 et_pb_heading et_pb_module et_flex_module"><div class="et_pb_heading_container"><h3 class="et_pb_module_header">Neubau Berufsbildungszentrum Villaz-Saint-Pierre, Wettbewerb Kunst am Bau</h3></div></div>

<div class="et_pb_text_8 et_pb_text et_pb_bg_layout_light et_pb_module et_flex_module"><div class="et_pb_text_inner"><p>Die Vereinigung des Kantonalen Berufsbildungszentrums (VKBZ) des Kantons Freiburg</p>
</div></div>
</div>
</div></div>

<div class="et_pb_row_6 et_pb_row et_block_row">
<div class="et_pb_column_8 et_pb_column et_pb_column_4_4 et-last-child et_flex_column et_pb_css_mix_blend_mode_passthrough">
<div class="et_pb_module et_pb_button_module_wrapper et_pb_button_0_wrapper"><a class="et_pb_button_0 et_pb_button et_pb_bg_layout_light et_pb_module et_block_module" href="https://vistonia.ch/projets/">Zurück zu den Projekten</a></div>
</div>
</div>
</div>
