{"id":831,"date":"2026-03-25T13:39:39","date_gmt":"2026-03-25T12:39:39","guid":{"rendered":"https:\/\/vistonia.ch\/corinne-rebetez\/"},"modified":"2026-03-27T11:36:30","modified_gmt":"2026-03-27T10:36:30","slug":"corinne-rebetez","status":"publish","type":"page","link":"https:\/\/vistonia.ch\/de\/corinne-rebetez\/","title":{"rendered":"Corinne Rebetez"},"content":{"rendered":"<div class=\"et_pb_section_0 et_pb_section et_section_regular et_block_section\">\n<div class=\"et_pb_row_0 et_pb_row et_block_row\">\n<div class=\"et_pb_column_0 et_pb_column et_pb_column_4_4 et-last-child et_block_column et_pb_css_mix_blend_mode_passthrough\">\n<div class=\"et_pb_text_0 et_pb_text et_pb_bg_layout_light et_pb_module et_block_module text-citation\"><div class=\"et_pb_text_inner\"><p><em>\u00abReden ist uns ein Bed\u00fcrfnis, Zuh\u00f6ren ist eine Kunst\u00bb<\/em><\/p>\n<\/div><\/div>\n\n<div class=\"et_pb_text_1 et_pb_text et_pb_bg_layout_light et_pb_module et_block_module\"><div class=\"et_pb_text_inner\"><p>Johann Wolfgang von Goethe<\/p>\n<\/div><\/div>\n<\/div>\n<\/div>\n<\/div>\n\n<div class=\"et_pb_section_1 et_pb_section et_section_regular et_block_section\" id=\"qui-sommes-nous\">\n<div class=\"et_pb_row_1 et_pb_row et_block_row\">\n<div class=\"et_pb_column_1 et_pb_column et_pb_column_4_4 et-last-child et_block_column et_pb_css_mix_blend_mode_passthrough\">\n<div class=\"et_pb_text_2 et_pb_text et_pb_bg_layout_light et_pb_module et_block_module custom-list\"><div class=\"et_pb_text_inner\"><p>Lebenslauf<\/p>\n<\/div><\/div>\n<\/div>\n<\/div>\n\n<div class=\"et_pb_row_2 et_pb_row et_flex_row\">\n<div class=\"et_pb_column_2 et_pb_column et_block_column et_pb_css_mix_blend_mode_passthrough et_flex_column_2_5 et_flex_column_2_5_tablet et_flex_column_24_24_phone\">\n<div class=\"et_pb_text_3 et_pb_text et_pb_bg_layout_light et_pb_module et_block_module title\"><div class=\"et_pb_text_inner\"><h1>Corinne Rebetez<\/h1>\n<\/div><\/div>\n\n<div class=\"et_pb_text_4 et_pb_text et_pb_bg_layout_light et_pb_module et_block_module text-cv\"><div class=\"et_pb_text_inner\"><p><em>Projektleiterin<\/em><br \/><a href=\"tel:+41786333267\">+41 78 633 32 67<\/a><br \/><a href=\"mailto:corinne.rebetez@vistonia.ch\">corinne.rebetez@vistonia.ch<\/a><\/p>\n<p><a href=\"https:\/\/www.linkedin.com\/in\/rebetez-corinne-091a1b90\/\" target=\"_blank\" rel=\"noopener\"><img loading=\"lazy\" decoding=\"async\" src=\"https:\/\/vistonia.ch\/wp-content\/uploads\/2026\/03\/linkedin-brown.svg\" width=\"38\" height=\"38\" alt=\"Linkedin Brown\" class=\"wp-image-109 alignnone size-full\" title=\"Corinne Rebetez\"><\/a><\/p>\n<\/div><\/div>\n<\/div>\n\n<div class=\"et_pb_column_3 et_pb_column et-last-child et_block_column et_pb_css_mix_blend_mode_passthrough et_flex_column_3_5 et_flex_column_3_5_tablet et_flex_column_24_24_phone\">\n<div class=\"et_pb_text_5 et_pb_text et_pb_bg_layout_light et_pb_module et_block_module text-cv\"><div class=\"et_pb_text_inner\"><p><strong>Ausbildung<\/strong><\/p>\n<ul>\n<li>CAS Kommunikation Management<\/li>\n<li>Diplom Zentrum f\u00fcr Journalisten- und Medienausbilding - Lausanne<\/li>\n<li>Lehrdiplom f\u00fcr Maturit\u00e4tsschulen<\/li>\n<li>Master in franz\u00f6sicher Literatur und Linguistik des modernen Franz\u00f6sisch<\/li>\n<\/ul>\n<p><strong>Qualifikationen<\/strong><\/p>\n<ul>\n<li>Spezialistin f\u00fcr Kommunikationsmanagement<\/li>\n<li>Langj\u00e4hrige Erfahrung in \u00d6ffentlichkeitsarbeit und Lobbying<\/li>\n<\/ul>\n<p><strong>Arbeitsmethodik<\/strong><\/p>\n<ul>\n<li>Zuh\u00f6ren: nur wer gut zuh\u00f6ren kann, kann Bed\u00fcrfnisse wirklich verstehen und darauf reagieren.<\/li>\n<li>Engagiert: ich setze meine Energie und mein Know-how f\u00fcr Ihr Projekt ein.<\/li>\n<li>Zuverl\u00e4ssig und flexibel: Zuverl\u00e4ssigkeit und Flexibilit\u00e4t erm\u00f6glichen es mir, f\u00fcr jedes Problem die richtige L\u00f6sung zu finden.<\/li>\n<\/ul>\n<p><strong>Berufliche T\u00e4tigkeiten\u200b<\/strong><\/p>\n<ul>\n<li>2024 Eintritt als Projektleiterin in die Vistonia AG.<\/li>\n<li>2021 \u2013 2024 Kantonale Anstalt f\u00fcr die aktive Bodenpolitik (KAAB)<\/li>\n<li>2011 \u2013 2023 Kommunikationsverantwortliche RIMU \u2013 Staat Freiburg<\/li>\n<li>Vorher w\u00e4hrend 15 Jahren Radio- und Fernsehjournalist<\/li>\n<\/ul>\n<\/div><\/div>\n\n<div class=\"et_pb_module et_pb_button_module_wrapper et_pb_button_0_wrapper\"><a class=\"et_pb_button_0 et_pb_button et_pb_bg_layout_light et_pb_module et_block_module\" href=\"https:\/\/vistonia.ch\/entreprise\/\">Zur\u00fcck<\/a><\/div>\n<\/div>\n<\/div>\n<\/div>","protected":false},"excerpt":{"rendered":"","protected":false},"author":1,"featured_media":829,"parent":0,"menu_order":0,"comment_status":"closed","ping_status":"closed","template":"","meta":{"footnotes":""},"class_list":["post-831","page","type-page","status-publish","has-post-thumbnail","hentry"],"_links":{"self":[{"href":"https:\/\/vistonia.ch\/de\/wp-json\/wp\/v2\/pages\/831","targetHints":{"allow":["GET"]}}],"collection":[{"href":"https:\/\/vistonia.ch\/de\/wp-json\/wp\/v2\/pages"}],"about":[{"href":"https:\/\/vistonia.ch\/de\/wp-json\/wp\/v2\/types\/page"}],"author":[{"embeddable":true,"href":"https:\/\/vistonia.ch\/de\/wp-json\/wp\/v2\/users\/1"}],"replies":[{"embeddable":true,"href":"https:\/\/vistonia.ch\/de\/wp-json\/wp\/v2\/comments?post=831"}],"version-history":[{"count":2,"href":"https:\/\/vistonia.ch\/de\/wp-json\/wp\/v2\/pages\/831\/revisions"}],"predecessor-version":[{"id":833,"href":"https:\/\/vistonia.ch\/de\/wp-json\/wp\/v2\/pages\/831\/revisions\/833"}],"wp:featuredmedia":[{"embeddable":true,"href":"https:\/\/vistonia.ch\/de\/wp-json\/wp\/v2\/media\/829"}],"wp:attachment":[{"href":"https:\/\/vistonia.ch\/de\/wp-json\/wp\/v2\/media?parent=831"}],"curies":[{"name":"wp","href":"https:\/\/api.w.org\/{rel}","templated":true}]}}

<div class="et_pb_section_0 et_pb_section et_section_regular et_block_section">
<div class="et_pb_row_0 et_pb_row et_block_row">
<div class="et_pb_column_0 et_pb_column et_pb_column_4_4 et-last-child et_block_column et_pb_css_mix_blend_mode_passthrough">
<div class="et_pb_text_0 et_pb_text et_pb_bg_layout_light et_pb_module et_block_module text-citation"><div class="et_pb_text_inner"><p><em>«Reden ist uns ein Bedürfnis, Zuhören ist eine Kunst»</em></p>
</div></div>

<div class="et_pb_text_1 et_pb_text et_pb_bg_layout_light et_pb_module et_block_module"><div class="et_pb_text_inner"><p>Johann Wolfgang von Goethe</p>
</div></div>
</div>
</div>
</div>

<div class="et_pb_section_1 et_pb_section et_section_regular et_block_section" id="qui-sommes-nous">
<div class="et_pb_row_1 et_pb_row et_block_row">
<div class="et_pb_column_1 et_pb_column et_pb_column_4_4 et-last-child et_block_column et_pb_css_mix_blend_mode_passthrough">
<div class="et_pb_text_2 et_pb_text et_pb_bg_layout_light et_pb_module et_block_module custom-list"><div class="et_pb_text_inner"><p>Lebenslauf</p>
</div></div>
</div>
</div>

<div class="et_pb_row_2 et_pb_row et_flex_row">
<div class="et_pb_column_2 et_pb_column et_block_column et_pb_css_mix_blend_mode_passthrough et_flex_column_2_5 et_flex_column_2_5_tablet et_flex_column_24_24_phone">
<div class="et_pb_text_3 et_pb_text et_pb_bg_layout_light et_pb_module et_block_module title"><div class="et_pb_text_inner"><h1>Corinne Rebetez</h1>
</div></div>

<div class="et_pb_text_4 et_pb_text et_pb_bg_layout_light et_pb_module et_block_module text-cv"><div class="et_pb_text_inner"><p><em>Projektleiterin</em><br /><a href="tel:+41786333267">+41 78 633 32 67</a><br /><a href="mailto:corinne.rebetez@vistonia.ch">corinne.rebetez@vistonia.ch</a></p>
<p><a href="https://www.linkedin.com/in/rebetez-corinne-091a1b90/" target="_blank" rel="noopener"><img loading="lazy" decoding="async" src="https://vistonia.ch/wp-content/uploads/2026/03/linkedin-brown.svg" width="38" height="38" alt="Linkedin Brown" class="wp-image-109 alignnone size-full" title="Corinne Rebetez"></a></p>
</div></div>
</div>

<div class="et_pb_column_3 et_pb_column et-last-child et_block_column et_pb_css_mix_blend_mode_passthrough et_flex_column_3_5 et_flex_column_3_5_tablet et_flex_column_24_24_phone">
<div class="et_pb_text_5 et_pb_text et_pb_bg_layout_light et_pb_module et_block_module text-cv"><div class="et_pb_text_inner"><p><strong>Ausbildung</strong></p>
<ul>
<li>CAS Kommunikation Management</li>
<li>Diplom Zentrum für Journalisten- und Medienausbilding - Lausanne</li>
<li>Lehrdiplom für Maturitätsschulen</li>
<li>Master in französicher Literatur und Linguistik des modernen Französisch</li>
</ul>
<p><strong>Qualifikationen</strong></p>
<ul>
<li>Spezialistin für Kommunikationsmanagement</li>
<li>Langjährige Erfahrung in Öffentlichkeitsarbeit und Lobbying</li>
</ul>
<p><strong>Arbeitsmethodik</strong></p>
<ul>
<li>Zuhören: nur wer gut zuhören kann, kann Bedürfnisse wirklich verstehen und darauf reagieren.</li>
<li>Engagiert: ich setze meine Energie und mein Know-how für Ihr Projekt ein.</li>
<li>Zuverlässig und flexibel: Zuverlässigkeit und Flexibilität ermöglichen es mir, für jedes Problem die richtige Lösung zu finden.</li>
</ul>
<p><strong>Berufliche Tätigkeiten​</strong></p>
<ul>
<li>2024 Eintritt als Projektleiterin in die Vistonia AG.</li>
<li>2021 – 2024 Kantonale Anstalt für die aktive Bodenpolitik (KAAB)</li>
<li>2011 – 2023 Kommunikationsverantwortliche RIMU – Staat Freiburg</li>
<li>Vorher während 15 Jahren Radio- und Fernsehjournalist</li>
</ul>
</div></div>

<div class="et_pb_module et_pb_button_module_wrapper et_pb_button_0_wrapper"><a class="et_pb_button_0 et_pb_button et_pb_bg_layout_light et_pb_module et_block_module" href="https://vistonia.ch/entreprise/">Zurück</a></div>
</div>
</div>
</div>
